Last updated on 2022-07-02 07:07:07 CEST.
Flavor | Version | Tinstall | Tcheck | Ttotal | Status | Flags |
---|---|---|---|---|---|---|
r-devel-linux-x86_64-debian-clang | 1.5.6.70 | 829.34 | 137.79 | 967.13 | NOTE | |
r-devel-linux-x86_64-debian-gcc | 1.5.6.70 | 765.54 | 137.38 | 902.92 | NOTE | |
r-devel-linux-x86_64-fedora-clang | 1.5.6.70 | 1374.05 | NOTE | |||
r-devel-linux-x86_64-fedora-gcc | 1.5.6.70 | 1509.47 | NOTE | |||
r-devel-windows-x86_64 | 1.5.6.70 | 535.00 | 234.00 | 769.00 | NOTE | |
r-patched-linux-x86_64 | 1.5.6.70 | 674.56 | 178.24 | 852.80 | NOTE | |
r-release-linux-x86_64 | 1.5.6.70 | 664.07 | 178.98 | 843.05 | NOTE | |
r-release-macos-arm64 | 1.5.6.70 | 305.00 | NOTE | |||
r-release-macos-x86_64 | 1.5.6.70 | 459.00 | NOTE | |||
r-release-windows-x86_64 | 1.5.6.70 | 2187.00 | 236.00 | 2423.00 | NOTE | |
r-oldrel-macos-arm64 | 1.5.6.70 | 315.00 | NOTE | |||
r-oldrel-macos-x86_64 | 1.5.6.70 | 424.00 | NOTE | |||
r-oldrel-windows-ix86+x86_64 | 1.5.6.70 | 1898.00 | 288.00 | 2186.00 | NOTE |
Version: 1.5.6.70
Check: for GNU extensions in Makefiles
Result: NOTE
GNU make is a SystemRequirements.
Flavors: r-devel-linux-x86_64-debian-clang, r-devel-linux-x86_64-debian-gcc, r-devel-linux-x86_64-fedora-clang, r-devel-linux-x86_64-fedora-gcc, r-devel-windows-x86_64, r-patched-linux-x86_64, r-release-linux-x86_64, r-release-macos-arm64, r-release-macos-x86_64, r-release-windows-x86_64, r-oldrel-macos-arm64, r-oldrel-macos-x86_64, r-oldrel-windows-ix86+x86_64
Version: 1.5.6.70
Check: installed package size
Result: NOTE
installed size is 76.3Mb
sub-directories of 1Mb or more:
libs 75.9Mb
Flavors: r-devel-linux-x86_64-fedora-clang, r-devel-windows-x86_64, r-release-macos-arm64, r-release-macos-x86_64, r-release-windows-x86_64, r-oldrel-macos-arm64, r-oldrel-macos-x86_64, r-oldrel-windows-ix86+x86_64
Version: 1.5.6.70
Check: dependencies in R code
Result: NOTE
Namespace in Imports field not imported from: ‘RcppParallel’
All declared Imports should be used.
Flavors: r-devel-linux-x86_64-fedora-clang, r-devel-linux-x86_64-fedora-gcc, r-release-macos-arm64, r-release-macos-x86_64, r-oldrel-macos-arm64, r-oldrel-macos-x86_64