CRAN Package Check Results for Package promotionImpact

Last updated on 2019-12-10 17:50:13 CET.

Flavor Version Tinstall Tcheck Ttotal Status Flags
r-devel-linux-x86_64-debian-clang 0.1.2 10.02 81.76 91.78 OK
r-devel-linux-x86_64-debian-gcc 0.1.2 10.47 67.58 78.05 OK
r-devel-linux-x86_64-fedora-clang 0.1.2 109.83 OK
r-devel-linux-x86_64-fedora-gcc 0.1.2 114.65 OK
r-devel-windows-ix86+x86_64 0.1.2 186.00 124.00 310.00 OK
r-devel-windows-ix86+x86_64-gcc8 0.1.2 209.00 124.00 333.00 OK
r-patched-linux-x86_64 0.1.2 11.14 77.76 88.90 OK
r-patched-solaris-x86 0.1.2 95.40 ERROR
r-release-linux-x86_64 0.1.2 8.83 79.53 88.36 OK
r-release-windows-ix86+x86_64 0.1.2 198.00 79.00 277.00 OK
r-release-osx-x86_64 0.1.2 OK
r-oldrel-windows-ix86+x86_64 0.1.2 82.00 78.00 160.00 OK
r-oldrel-osx-x86_64 0.1.2 OK

Check Details

Version: 0.1.2
Check: whether the package can be loaded
Result: ERROR
    Loading this package had a fatal error status code 1
    Loading log:
    Loading required package: Rcpp
    Loading required package: dplyr
    
    Attaching package: ‘dplyr’
    
    The following objects are masked from ‘package:stats’:
    
     filter, lag
    
    The following objects are masked from ‘package:base’:
    
     intersect, setdiff, setequal, union
    
    Loading required package: ggplot2
    Loading required package: scales
    Error: package or namespace load failed for ‘promotionImpact’:
     .onLoad failed in loadNamespace() for 'prophet', details:
     call: sink(type = "output")
     error: invalid connection
    In addition: Warning message:
    In system(cmd, intern = !verbose) :
     running command '/home/ripley/R/cc/bin/R CMD SHLIB file2d9d2b936dbc.cpp 2> file2d9d2b936dbc.cpp.err.txt' had status 1 and error message 'Illegal seek'
    Execution halted
Flavor: r-patched-solaris-x86