CRAN Package Check Results for Package propOverlap

Last updated on 2020-07-13 13:48:53 CEST.

Flavor Version Tinstall Tcheck Ttotal Status Flags
r-devel-linux-x86_64-debian-clang 1.0 3.98 40.89 44.87 OK
r-devel-linux-x86_64-debian-gcc 1.0 3.36 33.03 36.39 OK
r-devel-linux-x86_64-fedora-clang 1.0 61.84 OK
r-devel-linux-x86_64-fedora-gcc 1.0 56.93 OK
r-devel-windows-ix86+x86_64 1.0 10.00 55.00 65.00 OK
r-patched-linux-x86_64 1.0 4.34 40.14 44.48 OK
r-patched-solaris-x86 1.0 82.60 OK
r-release-linux-x86_64 1.0 4.88 40.43 45.31 OK
r-release-macos-x86_64 1.0 ERROR
r-release-windows-ix86+x86_64 1.0 9.00 63.00 72.00 OK
r-oldrel-macos-x86_64 1.0 OK
r-oldrel-windows-ix86+x86_64 1.0 9.00 76.00 85.00 OK

Check Details

Version: 1.0
Check: whether package can be installed
Result: ERROR
    Installation failed.
Flavor: r-release-macos-x86_64