CRAN Package Check Results for Package proteomics

Last updated on 2021-09-25 13:51:57 CEST.

Flavor Version Tinstall Tcheck Ttotal Status Flags
r-devel-linux-x86_64-debian-clang 0.2 5.73 51.81 57.54 NOTE
r-devel-linux-x86_64-debian-gcc 0.2 4.33 38.69 43.02 NOTE
r-devel-linux-x86_64-fedora-clang 0.2 76.44 NOTE
r-devel-linux-x86_64-fedora-gcc 0.2 63.94 NOTE
r-devel-windows-x86_64 0.2 8.00 51.00 59.00 NOTE
r-devel-windows-x86_64-gcc10-UCRT 0.2 NOTE
r-patched-linux-x86_64 0.2 3.51 48.17 51.68 NOTE
r-patched-solaris-x86 0.2 98.60 NOTE
r-release-linux-x86_64 0.2 5.94 48.23 54.17 NOTE
r-release-macos-arm64 0.2 NOTE
r-release-macos-x86_64 0.2 NOTE
r-release-windows-ix86+x86_64 0.2 16.00 50.00 66.00 NOTE
r-oldrel-macos-x86_64 0.2 NOTE
r-oldrel-windows-ix86+x86_64 0.2 12.00 53.00 65.00 NOTE

Check Details

Version: 0.2
Check: R code for possible problems
Result: NOTE
    addIonSatistics: no visible binding for global variable 'median'
    adjustOne: no visible binding for global variable 'median'
    attachModifications: no visible global function definition for
     'na.omit'
    avrgLoadingCalculation: no visible binding for global variable 'median'
    channelResponses : estimate: no visible binding for global variable
     'var'
    responseStatisics : func: no visible global function definition for
     'aggregate'
    testing: no visible global function definition for 'aov'
    testingOneshot: no visible global function definition for 'anova'
    testingTukey: no visible global function definition for 'TukeyHSD'
    Undefined global functions or variables:
     TukeyHSD aggregate anova aov median na.omit var
    Consider adding
     importFrom("stats", "TukeyHSD", "aggregate", "anova", "aov", "median",
     "na.omit", "var")
    to your NAMESPACE file.
Flavors: r-devel-linux-x86_64-debian-clang, r-devel-linux-x86_64-debian-gcc, r-devel-linux-x86_64-fedora-clang, r-devel-linux-x86_64-fedora-gcc, r-devel-windows-x86_64, r-devel-windows-x86_64-gcc10-UCRT, r-patched-linux-x86_64, r-patched-solaris-x86, r-release-linux-x86_64, r-release-macos-arm64, r-release-macos-x86_64, r-release-windows-ix86+x86_64, r-oldrel-macos-x86_64, r-oldrel-windows-ix86+x86_64

Version: 0.2
Check: LazyData
Result: NOTE
     'LazyData' is specified without a 'data' directory
Flavors: r-devel-linux-x86_64-debian-clang, r-devel-linux-x86_64-debian-gcc, r-devel-linux-x86_64-fedora-clang, r-devel-linux-x86_64-fedora-gcc, r-devel-windows-x86_64, r-devel-windows-x86_64-gcc10-UCRT, r-patched-linux-x86_64, r-patched-solaris-x86, r-release-linux-x86_64, r-release-macos-arm64, r-release-macos-x86_64, r-release-windows-ix86+x86_64