CRAN Package Check Results for Package protolite

Last updated on 2021-09-17 21:51:25 CEST.

Flavor Version Tinstall Tcheck Ttotal Status Flags
r-devel-linux-x86_64-debian-clang 2.1.1 78.63 32.51 111.14 OK
r-devel-linux-x86_64-debian-gcc 2.1.1 49.76 25.13 74.89 OK
r-devel-linux-x86_64-fedora-clang 2.1.1 167.08 OK
r-devel-linux-x86_64-fedora-gcc 2.1.1 140.49 OK
r-devel-windows-x86_64 2.1.1 81.00 69.00 150.00 OK
r-devel-windows-x86_64-gcc10-UCRT 2.1.1 WARN
r-patched-linux-x86_64 2.1.1 58.88 31.29 90.17 OK
r-patched-solaris-x86 2.1.1 120.50 OK
r-release-linux-x86_64 2.1.1 60.74 31.42 92.16 OK
r-release-macos-arm64 2.1.1 NOTE
r-release-macos-x86_64 2.1.1 NOTE
r-release-windows-ix86+x86_64 2.1.1 180.00 68.00 248.00 NOTE
r-oldrel-macos-x86_64 2.1.1 NOTE
r-oldrel-windows-ix86+x86_64 2.1.1 178.00 76.00 254.00 NOTE

Additional issues

gcc-UBSAN

Check Details

Version: 2.1.1
Check: whether package can be installed
Result: WARN
    Found the following significant warnings:
     WARNING: failed to apply patch patches/CRAN/protolite.diff
Flavor: r-devel-windows-x86_64-gcc10-UCRT

Version: 2.1.1
Check: installed package size
Result: NOTE
     installed size is 28.3Mb
     sub-directories of 1Mb or more:
     libs 28.2Mb
Flavors: r-release-macos-arm64, r-release-macos-x86_64, r-release-windows-ix86+x86_64, r-oldrel-macos-x86_64, r-oldrel-windows-ix86+x86_64