CRAN Package Check Results for Package prototest

Last updated on 2019-09-23 20:47:42 CEST.

Flavor Version Tinstall Tcheck Ttotal Status Flags
r-devel-linux-x86_64-debian-clang 1.2 68.17 83.00 151.17 OK
r-devel-linux-x86_64-debian-gcc 1.2 53.19 64.24 117.43 OK
r-devel-linux-x86_64-fedora-clang 1.2 207.57 NOTE
r-devel-linux-x86_64-fedora-gcc 1.2 199.12 NOTE
r-devel-windows-ix86+x86_64 1.2 158.00 177.00 335.00 OK
r-patched-linux-x86_64 1.2 57.57 79.53 137.10 OK
r-patched-solaris-x86 1.2 226.50 OK
r-release-linux-x86_64 1.2 60.52 81.21 141.73 OK
r-release-windows-ix86+x86_64 1.2 154.00 184.00 338.00 OK
r-release-osx-x86_64 1.2 OK
r-oldrel-windows-ix86+x86_64 1.2 110.00 129.00 239.00 OK
r-oldrel-osx-x86_64 1.2 OK

Check Details

Version: 1.2
Check: compiled code
Result: NOTE
    File ‘prototest/libs/prototest.so’:
     Found no calls to: ‘R_registerRoutines’, ‘R_useDynamicSymbols’
    
    It is good practice to register native routines and to disable symbol
    search.
    
    See ‘Writing portable packages’ in the ‘Writing R Extensions’ manual.
Flavors: r-devel-linux-x86_64-fedora-clang, r-devel-linux-x86_64-fedora-gcc