CRAN Package Check Results for Package prototest

Last updated on 2020-05-29 06:48:35 CEST.

Flavor Version Tinstall Tcheck Ttotal Status Flags
r-devel-linux-x86_64-debian-clang 1.2 82.45 89.58 172.03 OK
r-devel-linux-x86_64-debian-gcc 1.2 63.46 68.17 131.63 OK
r-devel-linux-x86_64-fedora-clang 1.2 224.57 NOTE
r-devel-linux-x86_64-fedora-gcc 1.2 211.94 NOTE
r-devel-windows-ix86+x86_64 1.2 192.00 156.00 348.00 OK
r-patched-linux-x86_64 1.2 63.72 88.12 151.84 OK
r-patched-solaris-x86 1.2 228.10 OK
r-release-linux-x86_64 1.2 64.64 88.28 152.92 OK
r-release-osx-x86_64 1.2 OK
r-release-windows-ix86+x86_64 1.2 156.00 193.00 349.00 OK
r-oldrel-osx-x86_64 1.2 OK
r-oldrel-windows-ix86+x86_64 1.2 154.00 141.00 295.00 OK

Check Details

Version: 1.2
Check: compiled code
Result: NOTE
    File ‘prototest/libs/prototest.so’:
     Found no calls to: ‘R_registerRoutines’, ‘R_useDynamicSymbols’
    
    It is good practice to register native routines and to disable symbol
    search.
    
    See ‘Writing portable packages’ in the ‘Writing R Extensions’ manual.
Flavors: r-devel-linux-x86_64-fedora-clang, r-devel-linux-x86_64-fedora-gcc