CRAN Package Check Results for Package protr

Last updated on 2022-10-02 14:49:35 CEST.

Flavor Version Tinstall Tcheck Ttotal Status Flags
r-devel-linux-x86_64-debian-clang 1.6-2 21.06 115.78 136.84 OK
r-devel-linux-x86_64-debian-gcc 1.6-2 17.96 87.09 105.05 OK
r-devel-linux-x86_64-fedora-clang 1.6-2 176.89 OK
r-devel-linux-x86_64-fedora-gcc 1.6-2 158.02 OK
r-devel-windows-x86_64 1.6-2 56.00 148.00 204.00 OK
r-patched-linux-x86_64 1.6-2 20.98 109.70 130.68 OK
r-release-linux-x86_64 1.6-2 20.05 115.10 135.15 OK
r-release-macos-arm64 1.6-2 52.00 NOTE
r-release-macos-x86_64 1.6-2 66.00 OK
r-release-windows-x86_64 1.6-2 55.00 139.00 194.00 OK
r-oldrel-macos-arm64 1.6-2 61.00 NOTE
r-oldrel-macos-x86_64 1.6-2 94.00 NOTE
r-oldrel-windows-ix86+x86_64 1.6-2 30.00 131.00 161.00 OK

Check Details

Version: 1.6-2
Check: package dependencies
Result: NOTE
    Packages suggested but not available for checking:
     'Biostrings', 'GOSemSim', 'org.Hs.eg.db'
Flavor: r-release-macos-arm64

Version: 1.6-2
Check: package dependencies
Result: NOTE
    Packages suggested but not available for checking:
     'GOSemSim', 'org.Hs.eg.db'
Flavor: r-oldrel-macos-arm64

Version: 1.6-2
Check: package dependencies
Result: NOTE
    Package suggested but not available for checking: ‘org.Hs.eg.db’
Flavor: r-oldrel-macos-x86_64