CRAN Package Check Results for Package protr

Last updated on 2021-09-24 17:50:26 CEST.

Flavor Version Tinstall Tcheck Ttotal Status Flags
r-devel-linux-x86_64-debian-clang 1.6-2 18.70 113.38 132.08 OK
r-devel-linux-x86_64-debian-gcc 1.6-2 15.81 84.58 100.39 OK
r-devel-linux-x86_64-fedora-clang 1.6-2 163.27 OK
r-devel-linux-x86_64-fedora-gcc 1.6-2 140.97 OK
r-devel-windows-x86_64 1.6-2 25.00 102.00 127.00 OK
r-devel-windows-x86_64-gcc10-UCRT 1.6-2 OK
r-patched-linux-x86_64 1.6-2 20.80 110.12 130.92 OK
r-patched-solaris-x86 1.6-2 185.80 OK
r-release-linux-x86_64 1.6-2 18.85 110.53 129.38 OK
r-release-macos-arm64 1.6-2 NOTE
r-release-macos-x86_64 1.6-2 NOTE
r-release-windows-ix86+x86_64 1.6-2 31.00 98.00 129.00 OK
r-oldrel-macos-x86_64 1.6-2 OK
r-oldrel-windows-ix86+x86_64 1.6-2 36.00 97.00 133.00 OK

Check Details

Version: 1.6-2
Check: package dependencies
Result: NOTE
    Packages suggested but not available for checking:
     'GOSemSim', 'org.Hs.eg.db'
Flavor: r-release-macos-arm64

Version: 1.6-2
Check: package dependencies
Result: NOTE
    Package suggested but not available for checking: ‘org.Hs.eg.db’
Flavor: r-release-macos-x86_64