CRAN Package Check Results for Package provSummarizeR

Last updated on 2020-03-28 20:46:43 CET.

Flavor Version Tinstall Tcheck Ttotal Status Flags
r-devel-linux-x86_64-debian-clang 1.3 NOTE
r-devel-linux-x86_64-debian-gcc 1.3 1.73 25.09 26.82 NOTE
r-devel-linux-x86_64-fedora-clang 1.3 43.60 NOTE
r-devel-linux-x86_64-fedora-gcc 1.3 32.42 NOTE
r-devel-windows-ix86+x86_64 1.3 7.00 38.00 45.00 NOTE
r-devel-windows-ix86+x86_64-gcc8 1.3 6.00 41.00 47.00 NOTE
r-patched-linux-x86_64 1.3 2.06 30.78 32.84 NOTE
r-patched-solaris-x86 1.3 52.70 NOTE
r-release-linux-x86_64 1.3 1.61 29.08 30.69 NOTE
r-release-windows-ix86+x86_64 1.3 8.00 48.00 56.00 NOTE
r-release-osx-x86_64 1.3 NOTE
r-oldrel-windows-ix86+x86_64 1.3 6.00 53.00 59.00 NOTE
r-oldrel-osx-x86_64 1.3 NOTE

Check Details

Version: 1.3
Check: package dependencies
Result: NOTE
    Package suggested but not available for checking: 'rdt'
Flavors: r-devel-linux-x86_64-debian-clang, r-devel-linux-x86_64-debian-gcc, r-devel-linux-x86_64-fedora-clang, r-devel-linux-x86_64-fedora-gcc, r-devel-windows-ix86+x86_64, r-devel-windows-ix86+x86_64-gcc8, r-patched-linux-x86_64, r-patched-solaris-x86, r-release-linux-x86_64, r-release-windows-ix86+x86_64, r-release-osx-x86_64, r-oldrel-windows-ix86+x86_64, r-oldrel-osx-x86_64