CRAN Package Check Results for Package provViz

Last updated on 2021-12-07 11:52:08 CET.

Flavor Version Tinstall Tcheck Ttotal Status Flags
r-devel-linux-x86_64-debian-clang 1.0.7 2.18 27.88 30.06 NOTE
r-devel-linux-x86_64-debian-gcc 1.0.7 1.77 22.29 24.06 NOTE
r-devel-linux-x86_64-fedora-clang 1.0.7 38.27 NOTE
r-devel-linux-x86_64-fedora-gcc 1.0.7 26.11 NOTE
r-devel-windows-x86_64-new-UL 1.0.7 6.00 54.00 60.00 NOTE
r-devel-windows-x86_64-new-TK 1.0.7 NOTE
r-devel-windows-x86_64-old 1.0.7 4.00 27.00 31.00 NOTE
r-patched-linux-x86_64 1.0.7 2.06 27.37 29.43 NOTE
r-release-linux-x86_64 1.0.7 2.13 27.30 29.43 NOTE
r-release-macos-arm64 1.0.7 NOTE
r-release-macos-x86_64 1.0.7 NOTE
r-release-windows-ix86+x86_64 1.0.7 4.00 35.00 39.00 NOTE
r-oldrel-macos-x86_64 1.0.7 NOTE
r-oldrel-windows-ix86+x86_64 1.0.7 5.00 36.00 41.00 NOTE

Check Details

Version: 1.0.7
Check: package dependencies
Result: NOTE
    Package suggested but not available for checking: 'rdt'
Flavors: r-devel-linux-x86_64-debian-clang, r-devel-linux-x86_64-debian-gcc, r-devel-linux-x86_64-fedora-clang, r-devel-linux-x86_64-fedora-gcc, r-devel-windows-x86_64-new-UL, r-devel-windows-x86_64-new-TK, r-devel-windows-x86_64-old, r-patched-linux-x86_64, r-release-linux-x86_64, r-release-macos-arm64, r-release-macos-x86_64, r-release-windows-ix86+x86_64, r-oldrel-macos-x86_64, r-oldrel-windows-ix86+x86_64