CRAN Package Check Results for Package prrd

Last updated on 2021-09-23 15:51:05 CEST.

Flavor Version Tinstall Tcheck Ttotal Status Flags
r-devel-linux-x86_64-debian-clang 0.0.4 5.59 45.99 51.58 OK
r-devel-linux-x86_64-debian-gcc 0.0.4 4.37 35.11 39.48 OK
r-devel-linux-x86_64-fedora-clang 0.0.5 72.77 OK
r-devel-linux-x86_64-fedora-gcc 0.0.5 58.26 OK
r-devel-windows-x86_64 0.0.4 6.00 49.00 55.00 OK
r-devel-windows-x86_64-gcc10-UCRT 0.0.4 ERROR
r-patched-linux-x86_64 0.0.4 5.27 42.96 48.23 OK
r-patched-solaris-x86 0.0.5 81.00 OK
r-release-linux-x86_64 0.0.4 5.10 43.14 48.24 OK
r-release-macos-arm64 0.0.4 OK
r-release-macos-x86_64 0.0.4 OK
r-release-windows-ix86+x86_64 0.0.4 12.00 50.00 62.00 OK
r-oldrel-macos-x86_64 0.0.4 OK
r-oldrel-windows-ix86+x86_64 0.0.4 10.00 48.00 58.00 OK

Check Details

Version: 0.0.4
Check: package dependencies
Result: NOTE
    Package suggested but not available for checking: 'foghorn'
Flavor: r-devel-windows-x86_64-gcc10-UCRT

Version: 0.0.4
Check: PDF version of manual
Result: WARN
    LaTeX errors when creating PDF version.
    This typically indicates Rd problems.
Flavor: r-devel-windows-x86_64-gcc10-UCRT

Version: 0.0.4
Check: PDF version of manual without hyperrefs or index
Result: ERROR
    Re-running with no redirection of stdout/stderr.
Flavor: r-devel-windows-x86_64-gcc10-UCRT