CRAN Package Check Results for Package psda

Last updated on 2021-05-15 20:50:38 CEST.

Flavor Version Tinstall Tcheck Ttotal Status Flags
r-devel-linux-x86_64-debian-clang 1.4.0 3.52 41.05 44.57 OK
r-devel-linux-x86_64-debian-gcc 1.4.0 2.72 31.50 34.22 OK
r-devel-linux-x86_64-fedora-clang 1.4.0 62.97 NOTE
r-devel-linux-x86_64-fedora-gcc 1.4.0 52.74 NOTE
r-devel-windows-ix86+x86_64 1.4.0 8.00 45.00 53.00 OK
r-devel-windows-x86_64-gcc10-UCRT 1.4.0 NOTE
r-patched-linux-x86_64 1.4.0 3.76 39.10 42.86 OK
r-patched-solaris-x86 1.4.0 72.60 NOTE
r-release-linux-x86_64 1.4.0 3.66 39.41 43.07 OK
r-release-macos-x86_64 1.4.0 NOTE
r-release-windows-ix86+x86_64 1.4.0 7.00 61.00 68.00 OK
r-oldrel-macos-x86_64 1.4.0 NOTE
r-oldrel-windows-ix86+x86_64 1.4.0 5.00 60.00 65.00 OK

Check Details

Version: 1.4.0
Check: dependencies in R code
Result: NOTE
    Namespace in Imports field not imported from: ‘raster’
     All declared Imports should be used.
Flavors: r-devel-linux-x86_64-fedora-clang, r-devel-linux-x86_64-fedora-gcc, r-devel-windows-x86_64-gcc10-UCRT, r-patched-solaris-x86, r-release-macos-x86_64, r-oldrel-macos-x86_64