CRAN Package Check Results for Package pseval

Last updated on 2021-10-24 11:51:18 CEST.

Flavor Version Tinstall Tcheck Ttotal Status Flags
r-devel-linux-x86_64-debian-clang 1.3.1 4.28 184.47 188.75 NOTE
r-devel-linux-x86_64-debian-gcc 1.3.1 3.49 130.76 134.25 NOTE
r-devel-linux-x86_64-fedora-clang 1.3.1 224.02 NOTE
r-devel-linux-x86_64-fedora-gcc 1.3.1 218.64 NOTE
r-devel-windows-x86_64 1.3.1 7.00 169.00 176.00 NOTE
r-devel-windows-x86_64-gcc10-UCRT 1.3.1 NOTE
r-patched-linux-x86_64 1.3.1 3.55 173.78 177.33 NOTE
r-patched-solaris-x86 1.3.1 244.00 NOTE
r-release-linux-x86_64 1.3.1 3.76 177.77 181.53 NOTE
r-release-macos-arm64 1.3.1 NOTE
r-release-macos-x86_64 1.3.1 NOTE
r-release-windows-ix86+x86_64 1.3.1 5.00 226.00 231.00 NOTE
r-oldrel-macos-x86_64 1.3.1 OK
r-oldrel-windows-ix86+x86_64 1.3.1 8.00 226.00 234.00 OK

Check Details

Version: 1.3.1
Check: LazyData
Result: NOTE
     'LazyData' is specified without a 'data' directory
Flavors: r-devel-linux-x86_64-debian-clang, r-devel-linux-x86_64-debian-gcc, r-devel-linux-x86_64-fedora-clang, r-devel-linux-x86_64-fedora-gcc, r-devel-windows-x86_64, r-devel-windows-x86_64-gcc10-UCRT, r-patched-linux-x86_64, r-patched-solaris-x86, r-release-linux-x86_64, r-release-macos-arm64, r-release-macos-x86_64, r-release-windows-ix86+x86_64