CRAN Package Check Results for Package psfmi

Last updated on 2020-02-19 03:49:08 CET.

Flavor Version Tinstall Tcheck Ttotal Status Flags
r-devel-linux-x86_64-debian-clang 0.2.0 0.55 2.44 2.99 ERROR
r-devel-linux-x86_64-debian-gcc 0.2.0 16.53 229.16 245.69 OK
r-devel-linux-x86_64-fedora-clang 0.2.0 310.50 OK
r-devel-linux-x86_64-fedora-gcc 0.2.0 305.36 OK
r-devel-windows-ix86+x86_64 0.2.0 49.00 278.00 327.00 OK
r-devel-windows-ix86+x86_64-gcc8 0.1.0 53.00 171.00 224.00 OK
r-patched-linux-x86_64 0.2.0 16.81 268.02 284.83 OK
r-patched-solaris-x86 0.2.0 478.10 OK
r-release-linux-x86_64 0.2.0 13.97 273.33 287.30 OK
r-release-windows-ix86+x86_64 0.2.0 40.00 270.00 310.00 OK
r-release-osx-x86_64 0.2.0 OK
r-oldrel-windows-ix86+x86_64 0.2.0 28.00 273.00 301.00 OK
r-oldrel-osx-x86_64 0.2.0 OK

Check Details

Version: 0.2.0
Check: package dependencies
Result: ERROR
    Packages required but not available: 'car', 'rms'
    
    See section 'The DESCRIPTION file' in the 'Writing R Extensions'
    manual.
Flavor: r-devel-linux-x86_64-debian-clang