CRAN Package Check Results for Package psfmi

Last updated on 2019-09-23 08:53:14 CEST.

Flavor Version Tinstall Tcheck Ttotal Status Flags
r-devel-linux-x86_64-debian-clang 0.1.0 12.13 145.80 157.93 OK
r-devel-linux-x86_64-debian-gcc 0.1.0 11.30 109.25 120.55 OK
r-devel-linux-x86_64-fedora-clang 0.1.0 185.80 NOTE
r-devel-linux-x86_64-fedora-gcc 0.1.0 183.39 NOTE
r-devel-windows-ix86+x86_64 0.1.0 49.00 209.00 258.00 OK
r-patched-linux-x86_64 0.1.0 12.21 138.15 150.36 OK
r-patched-solaris-x86 0.1.0 272.40 NOTE
r-release-linux-x86_64 0.1.0 11.11 140.32 151.43 OK
r-release-windows-ix86+x86_64 0.1.0 54.00 213.00 267.00 OK
r-release-osx-x86_64 0.1.0 NOTE
r-oldrel-windows-ix86+x86_64 0.1.0 18.00 144.00 162.00 OK
r-oldrel-osx-x86_64 0.1.0 NOTE

Check Details

Version: 0.1.0
Check: dependencies in R code
Result: NOTE
    Namespaces in Imports field not imported from:
     ‘foreign’ ‘mitools’
     All declared Imports should be used.
Flavors: r-devel-linux-x86_64-fedora-clang, r-devel-linux-x86_64-fedora-gcc, r-patched-solaris-x86, r-release-osx-x86_64, r-oldrel-osx-x86_64