CRAN Package Check Results for Package psidR

Last updated on 2021-03-01 10:47:43 CET.

Flavor Version Tinstall Tcheck Ttotal Status Flags
r-devel-linux-x86_64-debian-clang 2.0 OK
r-devel-linux-x86_64-debian-gcc 2.0 4.01 37.36 41.37 OK
r-devel-linux-x86_64-fedora-clang 2.0 77.21 OK
r-devel-linux-x86_64-fedora-gcc 2.0 61.72 OK
r-devel-windows-ix86+x86_64 2.0 9.00 48.00 57.00 OK
r-patched-linux-x86_64 2.0 4.86 46.04 50.90 OK
r-patched-solaris-x86 2.0 95.70 OK
r-release-linux-x86_64 2.0 5.10 45.35 50.45 OK
r-release-macos-x86_64 2.0 OK
r-release-windows-ix86+x86_64 2.0 12.00 9.00 21.00 ERROR
r-oldrel-macos-x86_64 2.0 OK
r-oldrel-windows-ix86+x86_64 2.0 7.00 72.00 79.00 OK

Check Details

Version: 2.0
Check: whether package can be installed
Result: ERROR
    Installation failed.
Flavor: r-release-windows-ix86+x86_64