CRAN Package Check Results for Package pso

Last updated on 2019-04-20 22:50:28 CEST.

Flavor Version Tinstall Tcheck Ttotal Status Flags
r-devel-linux-x86_64-debian-clang 1.0.3 4.76 24.74 29.50 NOTE
r-devel-linux-x86_64-debian-gcc 1.0.3 4.47 22.71 27.18 NOTE
r-devel-linux-x86_64-fedora-clang 1.0.3 34.84 NOTE
r-devel-linux-x86_64-fedora-gcc 1.0.3 32.67 NOTE
r-devel-windows-ix86+x86_64 1.0.3 9.00 35.00 44.00 NOTE
r-patched-linux-x86_64 1.0.3 4.05 24.29 28.34 NOTE
r-patched-solaris-x86 1.0.3 51.90 NOTE
r-release-linux-x86_64 1.0.3 3.67 22.95 26.62 NOTE
r-release-windows-ix86+x86_64 1.0.3 5.00 33.00 38.00 NOTE
r-release-osx-x86_64 1.0.3 NOTE
r-oldrel-windows-ix86+x86_64 1.0.3 3.00 51.00 54.00 NOTE
r-oldrel-osx-x86_64 1.0.3 NOTE

Check Details

Version: 1.0.3
Check: dependencies in R code
Result: NOTE
    'library' or 'require' call to 'numDeriv' in package code.
     Please use :: or requireNamespace() instead.
     See section 'Suggested packages' in the 'Writing R Extensions' manual.
    Package in Depends field not imported from: 'methods'
     These packages need to be imported from (in the NAMESPACE file)
     for when this namespace is loaded but not attached.
Flavors: r-devel-linux-x86_64-debian-clang, r-devel-linux-x86_64-debian-gcc, r-devel-linux-x86_64-fedora-clang, r-devel-linux-x86_64-fedora-gcc, r-devel-windows-ix86+x86_64, r-patched-linux-x86_64, r-patched-solaris-x86, r-release-linux-x86_64, r-release-windows-ix86+x86_64, r-release-osx-x86_64, r-oldrel-windows-ix86+x86_64, r-oldrel-osx-x86_64

Version: 1.0.3
Check: R code for possible problems
Result: NOTE
    test.problem : g: no visible global function definition for 'grad'
    test.problem: no visible global function definition for 'new'
    psoptim,test.problem-missing-missing-missing-missing: no visible global
     function definition for 'new'
    show,test.result: no visible global function definition for 'show'
    show,test.result: no visible global function definition for 'sd'
    Undefined global functions or variables:
     grad new sd show
    Consider adding
     importFrom("methods", "new", "show")
     importFrom("stats", "sd")
    to your NAMESPACE file (and ensure that your DESCRIPTION Imports field
    contains 'methods').
Flavors: r-devel-linux-x86_64-debian-clang, r-devel-linux-x86_64-debian-gcc, r-devel-linux-x86_64-fedora-clang, r-devel-linux-x86_64-fedora-gcc, r-devel-windows-ix86+x86_64, r-patched-linux-x86_64, r-patched-solaris-x86, r-release-linux-x86_64, r-release-windows-ix86+x86_64, r-release-osx-x86_64, r-oldrel-windows-ix86+x86_64, r-oldrel-osx-x86_64