Last updated on 2023-12-07 20:48:48 CET.
Flavor | Version | Tinstall | Tcheck | Ttotal | Status | Flags |
---|---|---|---|---|---|---|
r-devel-linux-x86_64-debian-clang | 1.0.0 | 38.11 | 71.33 | 109.44 | NOTE | |
r-devel-linux-x86_64-debian-gcc | 1.0.0 | 26.72 | 51.35 | 78.07 | NOTE | |
r-devel-linux-x86_64-fedora-clang | 1.0.0 | 149.25 | OK | |||
r-devel-linux-x86_64-fedora-gcc | 1.0.0 | 143.47 | OK | |||
r-devel-windows-x86_64 | 1.0.0 | 30.00 | 92.00 | 122.00 | OK | |
r-patched-linux-x86_64 | 1.0.0 | 31.28 | 70.32 | 101.60 | OK | |
r-release-linux-x86_64 | 1.0.0 | 28.83 | 68.75 | 97.58 | OK | |
r-release-macos-arm64 | 1.0.0 | 39.00 | OK | |||
r-release-macos-x86_64 | 1.0.0 | 88.00 | OK | |||
r-release-windows-x86_64 | 1.0.0 | 38.00 | 101.00 | 139.00 | OK | |
r-oldrel-macos-arm64 | 1.0.0 | 42.00 | OK | |||
r-oldrel-macos-x86_64 | 1.0.0 | 54.00 | OK | |||
r-oldrel-windows-x86_64 | 1.0.0 | 36.00 | 102.00 | 138.00 | OK |
Version: 1.0.0
Check: Rd files
Result: NOTE
checkRd: (-1) pspGlobal.Rd:65-67: Lost braces
65 | \code{population}{The number of parameter sets in each ordinal region,
| ^
checkRd: (-1) pspGlobal.Rd:68: Lost braces
68 | \code{iterations}{The number of global iterations. It has to be an integer. If emph{population} is not set or the regions have population less then the upper bound on their size, the function will stop after the set number of \emph{iterations}.}
| ^
checkRd: (-1) pspGlobal.Rd:68: Lost braces
68 | \code{iterations}{The number of global iterations. It has to be an integer. If emph{population} is not set or the regions have population less then the upper bound on their size, the function will stop after the set number of \emph{iterations}.}
| ^
checkRd: (-1) pspGlobal.Rd:69-71: Lost braces
69 | \code{lower, upper}{Vectors specifiying the lower and upper boundaries of
| ^
checkRd: (-1) pspGlobal.Rd:72-74: Lost braces
72 | \code{init}{A marix of parameters to use as the first jumping distribution.
| ^
checkRd: (-1) pspGlobal.Rd:75-76: Lost braces
75 | \code{radius}{The radius of the hypershere with n-dimensions to sample from.
| ^
checkRd: (-1) pspGlobal.Rd:77-79: Lost braces
77 | \code{parameter_names}{A character vector that includes the names of each parameter.
| ^
checkRd: (-1) pspGlobal.Rd:80-83: Lost braces
80 | \code{dimensionality}{A single integer that specifies the number of
| ^
checkRd: (-1) pspGlobal.Rd:84-85: Lost braces
84 | \code{responses}{It is an integer that specifies the number of continuous
| ^
Flavors: r-devel-linux-x86_64-debian-clang, r-devel-linux-x86_64-debian-gcc