CRAN Package Check Results for Package pspearman

Last updated on 2021-12-03 13:53:45 CET.

Flavor Version Tinstall Tcheck Ttotal Status Flags
r-devel-linux-x86_64-debian-clang 0.3-0 2.46 19.78 22.24 NOTE
r-devel-linux-x86_64-debian-gcc 0.3-0 1.92 15.83 17.75 NOTE
r-devel-linux-x86_64-fedora-clang 0.3-0 38.62 NOTE
r-devel-linux-x86_64-fedora-gcc 0.3-0 27.49 NOTE
r-devel-windows-x86_64-new-UL 0.3-0 9.00 48.00 57.00 NOTE
r-devel-windows-x86_64-new-TK 0.3-0 NOTE
r-devel-windows-x86_64-old 0.3-0 5.00 26.00 31.00 NOTE
r-patched-linux-x86_64 0.3-0 2.33 18.95 21.28 NOTE
r-patched-solaris-x86 0.3-0 43.30 NOTE
r-release-linux-x86_64 0.3-0 2.17 19.26 21.43 NOTE
r-release-macos-arm64 0.3-0 NOTE
r-release-macos-x86_64 0.3-0 NOTE
r-release-windows-ix86+x86_64 0.3-0 8.00 27.00 35.00 NOTE
r-oldrel-macos-x86_64 0.3-0 NOTE
r-oldrel-windows-ix86+x86_64 0.3-0 7.00 29.00 36.00 NOTE

Check Details

Version: 0.3-0
Check: R code for possible problems
Result: NOTE
    pspearman: no visible global function definition for 'pt'
    spearman.test: no visible global function definition for
     'complete.cases'
    spearman.test: no visible global function definition for 'cor'
    Undefined global functions or variables:
     complete.cases cor pt
    Consider adding
     importFrom("stats", "complete.cases", "cor", "pt")
    to your NAMESPACE file.
Flavors: r-devel-linux-x86_64-debian-clang, r-devel-linux-x86_64-debian-gcc, r-devel-linux-x86_64-fedora-clang, r-devel-linux-x86_64-fedora-gcc, r-devel-windows-x86_64-new-UL, r-devel-windows-x86_64-new-TK, r-devel-windows-x86_64-old, r-patched-linux-x86_64, r-patched-solaris-x86, r-release-linux-x86_64, r-release-macos-arm64, r-release-macos-x86_64, r-release-windows-ix86+x86_64, r-oldrel-macos-x86_64, r-oldrel-windows-ix86+x86_64

Version: 0.3-0
Check: compiled code
Result: NOTE
    File ‘pspearman/libs/pspearman.so’:
     Found no calls to: ‘R_registerRoutines’, ‘R_useDynamicSymbols’
    
    It is good practice to register native routines and to disable symbol
    search.
    
    See ‘Writing portable packages’ in the ‘Writing R Extensions’ manual.
Flavors: r-devel-linux-x86_64-fedora-clang, r-devel-linux-x86_64-fedora-gcc