CRAN Package Check Results for Package pspearman

Last updated on 2019-08-20 05:47:14 CEST.

Flavor Version Tinstall Tcheck Ttotal Status Flags
r-devel-linux-x86_64-debian-clang 0.3-0 2.33 17.35 19.68 NOTE
r-devel-linux-x86_64-debian-gcc 0.3-0 1.84 14.30 16.14 NOTE
r-devel-linux-x86_64-fedora-clang 0.3-0 24.37 NOTE
r-devel-linux-x86_64-fedora-gcc 0.3-0 23.66 NOTE
r-devel-windows-ix86+x86_64 0.3-0 12.00 28.00 40.00 NOTE
r-patched-linux-x86_64 0.3-0 2.06 17.29 19.35 NOTE
r-patched-solaris-x86 0.3-0 37.80 NOTE
r-release-linux-x86_64 0.3-0 2.03 17.23 19.26 NOTE
r-release-windows-ix86+x86_64 0.3-0 7.00 43.00 50.00 NOTE
r-release-osx-x86_64 0.3-0 NOTE
r-oldrel-windows-ix86+x86_64 0.3-0 5.00 29.00 34.00 NOTE
r-oldrel-osx-x86_64 0.3-0 NOTE

Check Details

Version: 0.3-0
Check: R code for possible problems
Result: NOTE
    pspearman: no visible global function definition for 'pt'
    spearman.test: no visible global function definition for
     'complete.cases'
    spearman.test: no visible global function definition for 'cor'
    Undefined global functions or variables:
     complete.cases cor pt
    Consider adding
     importFrom("stats", "complete.cases", "cor", "pt")
    to your NAMESPACE file.
Flavors: r-devel-linux-x86_64-debian-clang, r-devel-linux-x86_64-debian-gcc, r-devel-linux-x86_64-fedora-clang, r-devel-linux-x86_64-fedora-gcc, r-devel-windows-ix86+x86_64, r-patched-linux-x86_64, r-patched-solaris-x86, r-release-linux-x86_64, r-release-windows-ix86+x86_64, r-release-osx-x86_64, r-oldrel-windows-ix86+x86_64, r-oldrel-osx-x86_64

Version: 0.3-0
Check: compiled code
Result: NOTE
    File ‘pspearman/libs/pspearman.so’:
     Found no calls to: ‘R_registerRoutines’, ‘R_useDynamicSymbols’
    
    It is good practice to register native routines and to disable symbol
    search.
    
    See ‘Writing portable packages’ in the ‘Writing R Extensions’ manual.
Flavors: r-devel-linux-x86_64-fedora-clang, r-devel-linux-x86_64-fedora-gcc