CRAN Package Check Results for Package pspearman

Last updated on 2024-06-16 17:58:09 CEST.

Flavor Version Tinstall Tcheck Ttotal Status Flags
r-devel-linux-x86_64-debian-clang 0.3-1 2.79 21.38 24.17 OK
r-devel-linux-x86_64-debian-gcc 0.3-1 2.15 16.61 18.76 OK
r-devel-linux-x86_64-fedora-clang 0.3-1 30.45 NOTE
r-devel-linux-x86_64-fedora-gcc 0.3-1 29.26 NOTE
r-devel-windows-x86_64 0.3-1 5.00 36.00 41.00 OK
r-patched-linux-x86_64 0.3-1 2.54 20.33 22.87 OK
r-release-linux-x86_64 0.3-1 2.32 20.27 22.59 OK
r-release-macos-arm64 0.3-1 15.00 OK
r-release-macos-x86_64 0.3-1 22.00 OK
r-release-windows-x86_64 0.3-1 4.00 36.00 40.00 OK
r-oldrel-macos-arm64 0.3-1 17.00 OK
r-oldrel-macos-x86_64 0.3-1 20.00 OK
r-oldrel-windows-x86_64 0.3-1 6.00 38.00 44.00 OK

Check Details

Version: 0.3-1
Check: compiled code
Result: NOTE File ‘pspearman/libs/pspearman.so’: Found no calls to: ‘R_registerRoutines’, ‘R_useDynamicSymbols’ It is good practice to register native routines and to disable symbol search. See ‘Writing portable packages’ in the ‘Writing R Extensions’ manual. Flavors: r-devel-linux-x86_64-fedora-clang, r-devel-linux-x86_64-fedora-gcc