CRAN Package Check Results for Package pspearman

Last updated on 2022-12-07 07:54:39 CET.

Flavor Version Tinstall Tcheck Ttotal Status Flags
r-devel-linux-x86_64-debian-clang 0.3-1 2.83 22.26 25.09 OK
r-devel-linux-x86_64-debian-gcc 0.3-1 2.02 17.35 19.37 OK
r-devel-linux-x86_64-fedora-clang 0.3-1 41.39 NOTE
r-devel-linux-x86_64-fedora-gcc 0.3-1 39.79 NOTE
r-devel-windows-x86_64 0.3-1 15.00 47.00 62.00 OK
r-patched-linux-x86_64 0.3-1 2.27 21.86 24.13 OK
r-release-linux-x86_64 0.3-1 2.53 21.24 23.77 OK
r-release-macos-arm64 0.3-1 13.00 OK
r-release-macos-x86_64 0.3-1 21.00 OK
r-release-windows-x86_64 0.3-1 9.00 43.00 52.00 OK
r-oldrel-macos-arm64 0.3-1 12.00 OK
r-oldrel-macos-x86_64 0.3-1 20.00 OK
r-oldrel-windows-ix86+x86_64 0.3-1 8.00 54.00 62.00 OK

Check Details

Version: 0.3-1
Check: compiled code
Result: NOTE
    File ‘pspearman/libs/pspearman.so’:
     Found no calls to: ‘R_registerRoutines’, ‘R_useDynamicSymbols’
    
    It is good practice to register native routines and to disable symbol
    search.
    
    See ‘Writing portable packages’ in the ‘Writing R Extensions’ manual.
Flavors: r-devel-linux-x86_64-fedora-clang, r-devel-linux-x86_64-fedora-gcc