Last updated on 2021-02-26 13:47:17 CET.
Flavor | Version | Tinstall | Tcheck | Ttotal | Status | Flags |
---|---|---|---|---|---|---|
r-devel-linux-x86_64-debian-clang | 0.1.4 | 47.86 | 86.74 | 134.60 | OK | |
r-devel-linux-x86_64-debian-gcc | 0.1.4 | 37.09 | 55.07 | 92.16 | OK | |
r-devel-linux-x86_64-fedora-clang | 0.1.4 | 180.73 | NOTE | |||
r-devel-linux-x86_64-fedora-gcc | 0.1.4 | 158.43 | OK | |||
r-devel-windows-ix86+x86_64 | 0.1.4 | 84.00 | 133.00 | 217.00 | OK | |
r-patched-linux-x86_64 | 0.1.4 | 41.87 | 69.79 | 111.66 | OK | |
r-patched-solaris-x86 | 0.1.4 | 111.20 | OK | |||
r-release-linux-x86_64 | 0.1.4 | 42.14 | 70.92 | 113.06 | OK | |
r-release-macos-x86_64 | 0.1.4 | NOTE | ||||
r-release-windows-ix86+x86_64 | 0.1.4 | 110.00 | 168.00 | 278.00 | OK | |
r-oldrel-macos-x86_64 | 0.1.4 | NOTE | ||||
r-oldrel-windows-ix86+x86_64 | 0.1.4 | 76.00 | 142.00 | 218.00 | OK |
Version: 0.1.4
Check: installed package size
Result: NOTE
installed size is 7.1Mb
sub-directories of 1Mb or more:
libs 6.6Mb
Flavors: r-devel-linux-x86_64-fedora-clang, r-release-macos-x86_64, r-oldrel-macos-x86_64