Last updated on 2022-08-18 05:52:39 CEST.
Flavor | Version | Tinstall | Tcheck | Ttotal | Status | Flags |
---|---|---|---|---|---|---|
r-devel-linux-x86_64-debian-clang | 0.1.2 | 24.56 | 196.45 | 221.01 | OK | |
r-devel-linux-x86_64-debian-gcc | 0.1.2 | 18.36 | 143.93 | 162.29 | OK | |
r-devel-linux-x86_64-fedora-clang | 0.1.2 | 268.53 | NOTE | |||
r-devel-linux-x86_64-fedora-gcc | 0.1.2 | 278.94 | NOTE | |||
r-devel-windows-x86_64 | 0.1.2 | 74.00 | 208.00 | 282.00 | OK | |
r-patched-linux-x86_64 | 0.1.2 | 28.39 | 180.49 | 208.88 | OK | |
r-release-linux-x86_64 | 0.1.2 | 18.83 | 181.03 | 199.86 | OK | |
r-release-macos-arm64 | 0.1.2 | 68.00 | NOTE | |||
r-release-macos-x86_64 | 0.1.2 | 103.00 | NOTE | |||
r-release-windows-x86_64 | 0.1.2 | 43.00 | 215.00 | 258.00 | OK | |
r-oldrel-macos-arm64 | 0.1.2 | 71.00 | NOTE | |||
r-oldrel-macos-x86_64 | 0.1.2 | 91.00 | NOTE | |||
r-oldrel-windows-ix86+x86_64 | 0.1.2 | 44.00 | 202.00 | 246.00 | OK |
Version: 0.1.2
Check: data for non-ASCII characters
Result: NOTE
Note: found 140 marked UTF-8 strings
Flavors: r-devel-linux-x86_64-fedora-clang, r-devel-linux-x86_64-fedora-gcc, r-release-macos-arm64, r-release-macos-x86_64, r-oldrel-macos-arm64, r-oldrel-macos-x86_64