CRAN Package Check Results for Package psych

Last updated on 2018-05-20 16:50:05 CEST.

Flavor Version Tinstall Tcheck Ttotal Status Flags
r-devel-linux-x86_64-debian-clang 1.8.4 36.79 313.05 349.84 OK
r-devel-linux-x86_64-debian-gcc 1.8.4 37.44 232.52 269.96 OK
r-devel-linux-x86_64-fedora-clang 1.8.4 423.86 NOTE
r-devel-linux-x86_64-fedora-gcc 1.8.4 415.16 NOTE
r-devel-windows-ix86+x86_64 1.8.4 75.00 376.00 451.00 NOTE
r-patched-linux-x86_64 1.8.4 37.92 305.80 343.72 OK
r-patched-solaris-x86 1.8.4 486.70 NOTE
r-release-linux-x86_64 1.8.4 43.94 303.37 347.31 OK
r-release-windows-ix86+x86_64 1.8.4 57.00 300.00 357.00 NOTE
r-release-osx-x86_64 1.8.4 NOTE
r-oldrel-windows-ix86+x86_64 1.8.4 60.00 416.00 476.00 NOTE
r-oldrel-osx-x86_64 1.8.3.3 NOTE

Check Details

Version: 1.8.4
Check: installed package size
Result: NOTE
     installed size is 6.2Mb
     sub-directories of 1Mb or more:
     R 1.6Mb
     doc 2.4Mb
Flavors: r-devel-linux-x86_64-fedora-clang, r-devel-linux-x86_64-fedora-gcc, r-devel-windows-ix86+x86_64, r-patched-solaris-x86, r-release-windows-ix86+x86_64, r-release-osx-x86_64, r-oldrel-windows-ix86+x86_64

Version: 1.8.3.3
Check: installed package size
Result: NOTE
     installed size is 6.2Mb
     sub-directories of 1Mb or more:
     R 1.6Mb
     doc 2.4Mb
Flavor: r-oldrel-osx-x86_64