CRAN Package Check Results for Package psych

Last updated on 2017-06-26 04:48:44.

Flavor Version Tinstall Tcheck Ttotal Status Flags
r-devel-linux-x86_64-debian-clang 1.7.5 4.17 198.59 202.76 OK
r-devel-linux-x86_64-debian-gcc 1.7.5 4.22 198.26 202.49 OK
r-devel-linux-x86_64-fedora-clang 1.7.5 402.44 OK
r-devel-linux-x86_64-fedora-gcc 1.7.5 390.85 OK
r-devel-windows-ix86+x86_64 1.7.5 18.00 309.00 327.00 OK
r-patched-linux-x86_64 1.7.5 4.35 193.92 198.26 OK
r-patched-solaris-sparc 1.7.5 1609.70 OK --no-vignettes
r-patched-solaris-x86 1.7.5 413.20 OK
r-release-linux-x86_64 1.7.5 4.51 196.64 201.15 OK
r-release-windows-ix86+x86_64 1.7.5 29.00 443.00 472.00 OK
r-release-osx-x86_64 1.7.5 ERROR
r-oldrel-windows-ix86+x86_64 1.7.5 12.00 409.00 421.00 OK
r-oldrel-osx-x86_64 1.7.5 ERROR

Check Details

Version: 1.7.5
Check: package dependencies
Result: NOTE
    Packages suggested but not available for checking: ‘graph’ ‘Rgraphviz’
Flavor: r-release-osx-x86_64

Version: 1.7.5
Check: running R code from vignettes
Result: ERROR
    Errors in running code in vignettes:
    when running code in ‘overview.Rnw’
     ...
    
    > if (!require("GPArotation")) {
    + stop("GPArotation must be installed to do rotations")
    + } else {
    + f3t <- fa(Thurstone, 3, n.obs = 213)
    + .... [TRUNCATED]
    
     When sourcing ‘overview.R’:
    Error: could not find function "fa"
    Execution halted
Flavors: r-release-osx-x86_64, r-oldrel-osx-x86_64

Version: 1.7.5
Check: re-building of vignette outputs
Result: NOTE
    Error in re-building vignettes:
     ...
    Error in texi2dvi(file = file, pdf = TRUE, clean = clean, quiet = quiet, :
     Running 'texi2dvi' on 'intro.tex' failed.
    LaTeX errors:
    ! LaTeX Error: File `siunitx.sty' not found.
    
    Type X to quit or <RETURN> to proceed,
    or enter new name. (Default extension: sty)
    
    ! Emergency stop.
    <read *>
    
    l.31 ^^M
    
    ! ==> Fatal error occurred, no output PDF file produced!
    Calls: buildVignettes -> texi2pdf -> texi2dvi
    Execution halted
Flavor: r-release-osx-x86_64