CRAN Package Check Results for Package psych

Last updated on 2019-11-14 18:48:32 CET.

Flavor Version Tinstall Tcheck Ttotal Status Flags
r-devel-linux-x86_64-debian-clang 1.8.12 45.96 347.08 393.04 NOTE
r-devel-linux-x86_64-debian-gcc 1.8.12 39.31 257.29 296.60 NOTE
r-devel-linux-x86_64-fedora-clang 1.8.12 458.37 NOTE
r-devel-linux-x86_64-fedora-gcc 1.8.12 484.09 NOTE
r-devel-windows-ix86+x86_64 1.8.12 86.00 384.00 470.00 NOTE
r-patched-linux-x86_64 1.8.12 43.01 336.59 379.60 OK
r-patched-solaris-x86 1.8.12 536.60 NOTE
r-release-linux-x86_64 1.8.12 44.99 334.13 379.12 OK
r-release-windows-ix86+x86_64 1.8.12 61.00 401.00 462.00 NOTE
r-release-osx-x86_64 1.8.12 NOTE
r-oldrel-windows-ix86+x86_64 1.8.12 57.00 430.00 487.00 NOTE
r-oldrel-osx-x86_64 1.8.12 NOTE

Check Details

Version: 1.8.12
Check: for non-standard things in the check directory
Result: NOTE
    Found the following files/directories:
     'test.ICLUST.graph.dot'
Flavors: r-devel-linux-x86_64-debian-clang, r-devel-linux-x86_64-debian-gcc, r-devel-linux-x86_64-fedora-clang, r-devel-linux-x86_64-fedora-gcc

Version: 1.8.12
Check: installed package size
Result: NOTE
     installed size is 6.4Mb
     sub-directories of 1Mb or more:
     R 1.7Mb
     doc 2.4Mb
Flavors: r-devel-linux-x86_64-fedora-clang, r-devel-windows-ix86+x86_64, r-patched-solaris-x86, r-release-windows-ix86+x86_64, r-release-osx-x86_64, r-oldrel-windows-ix86+x86_64, r-oldrel-osx-x86_64

Version: 1.8.12
Check: package dependencies
Result: NOTE
    Packages suggested but not available for checking: 'graph', 'Rgraphviz'
Flavor: r-release-osx-x86_64