CRAN Package Check Results for Package psychmeta

Last updated on 2021-07-24 09:54:08 CEST.

Flavor Version Tinstall Tcheck Ttotal Status Flags
r-devel-linux-x86_64-debian-clang 2.6.0 58.34 398.39 456.73 OK
r-devel-linux-x86_64-debian-gcc 2.6.0 47.44 278.37 325.81 OK
r-devel-linux-x86_64-fedora-clang 2.6.0 531.53 NOTE
r-devel-linux-x86_64-fedora-gcc 2.6.0 527.18 NOTE
r-devel-windows-x86_64 2.6.0 54.00 315.00 369.00 OK
r-devel-windows-x86_64-gcc10-UCRT 2.6.0 NOTE
r-patched-linux-x86_64 2.6.0 55.98 368.61 424.59 OK
r-patched-solaris-x86 2.6.0 565.10 NOTE
r-release-linux-x86_64 2.6.0 51.19 371.52 422.71 OK
r-release-macos-arm64 2.6.0 NOTE
r-release-macos-x86_64 2.6.0 NOTE
r-release-windows-ix86+x86_64 2.6.0 90.00 408.00 498.00 OK
r-oldrel-macos-x86_64 2.6.0 NOTE
r-oldrel-windows-ix86+x86_64 2.6.0 65.00 395.00 460.00 OK

Check Details

Version: 2.6.0
Check: dependencies in R code
Result: NOTE
    Namespace in Imports field not imported from: ‘mathjaxr’
     All declared Imports should be used.
Flavors: r-devel-linux-x86_64-fedora-clang, r-devel-linux-x86_64-fedora-gcc, r-devel-windows-x86_64-gcc10-UCRT, r-patched-solaris-x86, r-release-macos-arm64, r-release-macos-x86_64, r-oldrel-macos-x86_64