CRAN Package Check Results for Package psychmeta

Last updated on 2019-10-19 04:46:38 CEST.

Flavor Version Tinstall Tcheck Ttotal Status Flags
r-devel-linux-x86_64-debian-clang 2.3.3 52.26 297.53 349.79 OK
r-devel-linux-x86_64-debian-gcc 2.3.3 44.40 222.57 266.97 OK
r-devel-linux-x86_64-fedora-clang 2.3.3 429.50 OK
r-devel-linux-x86_64-fedora-gcc 2.3.3 416.62 OK
r-devel-windows-ix86+x86_64 2.3.3 112.00 285.00 397.00 OK
r-patched-linux-x86_64 2.3.3 48.76 286.24 335.00 OK
r-patched-solaris-x86 2.3.3 508.40 OK
r-release-linux-x86_64 2.3.3 51.87 294.99 346.86 OK
r-release-windows-ix86+x86_64 2.3.3 68.00 407.00 475.00 OK
r-release-osx-x86_64 2.3.3 OK
r-oldrel-windows-ix86+x86_64 2.3.3 58.00 266.00 324.00 WARN
r-oldrel-osx-x86_64 2.3.3 OK

Check Details

Version: 2.3.3
Check: loading without being on the library search path
Result: WARN
    ----------------------------------------------------- psychmeta version 2.3.3 --
    
    Please report any bugs to github.com/psychmeta/psychmeta/issues
    or issues@psychmeta.com
    
    We work hard to produce these open-source tools for the R community,
    please cite psychmeta when you use it in your research:
     Dahlke, J. A., & Wiernik, B. M. (2018). psychmeta: An R package for
     psychometric meta-analysis. Applied Psychological Measurement.
     Advance online publication. https://doi.org/10.1177/0146621618795933
    
    Find info about psychmeta on the web at psychmeta.com and twitter.com/psychmetaR
    Error: package or namespace load failed for 'psychmeta':
     .onAttach failed in attachNamespace() for 'psychmeta', details:
     call: open.connection(x, "rb")
     error: cannot open the connection
    Execution halted
    
    It looks like this package has a loading problem when not on .libPaths:
    see the messages for details.
Flavor: r-oldrel-windows-ix86+x86_64