CRAN Package Check Results for Package psychmeta

Last updated on 2019-06-21 01:47:10 CEST.

Flavor Version Tinstall Tcheck Ttotal Status Flags
r-devel-linux-x86_64-debian-clang 2.3.3 51.28 293.38 344.66 OK
r-devel-linux-x86_64-debian-gcc 2.3.3 42.11 225.45 267.56 OK
r-devel-linux-x86_64-fedora-clang 2.3.3 393.30 OK
r-devel-linux-x86_64-fedora-gcc 2.3.3 385.76 OK
r-devel-windows-ix86+x86_64 2.3.3 109.00 430.00 539.00 OK
r-patched-linux-x86_64 2.3.3 51.99 289.59 341.58 OK
r-patched-solaris-x86 2.3.3 507.40 OK
r-release-linux-x86_64 2.3.3 53.59 293.45 347.04 OK
r-release-windows-ix86+x86_64 2.3.3 106.00 411.00 517.00 OK
r-release-osx-x86_64 2.3.3 OK
r-oldrel-windows-ix86+x86_64 2.3.3 60.00 368.00 428.00 WARN
r-oldrel-osx-x86_64 2.3.3 OK

Check Details

Version: 2.3.3
Check: loading without being on the library search path
Result: WARN
    ----------------------------------------------------- psychmeta version 2.3.3 --
    
    Please report any bugs to github.com/psychmeta/psychmeta/issues
    or issues@psychmeta.com
    
    We work hard to produce these open-source tools for the R community,
    please cite psychmeta when you use it in your research:
     Dahlke, J. A., & Wiernik, B. M. (2018). psychmeta: An R package for
     psychometric meta-analysis. Applied Psychological Measurement.
     Advance online publication. https://doi.org/10.1177/0146621618795933
    
    Find info about psychmeta on the web at psychmeta.com and twitter.com/psychmetaR
    Error: package or namespace load failed for 'psychmeta':
     .onAttach failed in attachNamespace() for 'psychmeta', details:
     call: open.connection(x, "rb")
     error: cannot open the connection
    Execution halted
    
    It looks like this package has a loading problem when not on .libPaths:
    see the messages for details.
Flavor: r-oldrel-windows-ix86+x86_64