CRAN Package Check Results for Package psychmeta

Last updated on 2019-03-22 09:50:22 CET.

Flavor Version Tinstall Tcheck Ttotal Status Flags
r-devel-linux-x86_64-debian-clang 2.3.2 48.68 299.59 348.27 WARN
r-devel-linux-x86_64-debian-gcc 2.3.2 45.60 224.57 270.17 OK
r-devel-linux-x86_64-fedora-clang 2.3.2 423.97 OK
r-devel-linux-x86_64-fedora-gcc 2.3.2 391.77 OK
r-devel-windows-ix86+x86_64 2.3.2 120.00 372.00 492.00 OK
r-patched-linux-x86_64 2.3.2 36.18 285.34 321.52 OK
r-patched-solaris-x86 2.3.2 454.70 OK
r-release-linux-x86_64 2.3.2 41.85 285.03 326.88 OK
r-release-windows-ix86+x86_64 2.3.2 59.00 262.00 321.00 WARN
r-release-osx-x86_64 2.3.2 OK
r-oldrel-windows-ix86+x86_64 2.3.2 33.00 476.00 509.00 WARN
r-oldrel-osx-x86_64 2.3.2 OK

Check Details

Version: 2.3.2
Check: whether package can be installed
Result: WARN
    Found the following significant warnings:
     Warning: unable to re-encode 'composites.R' lines 169, 210, 278, 316
     Warning: unable to re-encode 'convert_es.R' lines 40, 48
     Warning: unable to re-encode 'correct_d.R' lines 14, 45, 46, 98, 106, 110, 114
     Warning: unable to re-encode 'correct_mvrr.R' lines 17, 19, 20, 115, 117, 118
     Warning: unable to re-encode 'correct_r.R' lines 12, 49, 57, 199, 302, 310, 314, 318
     Warning: unable to re-encode 'data_doc.R' lines 20, 45, 70, 96, 122
     Warning: unable to re-encode 'estimate_artifacts.R' lines 46, 50, 54
     Warning: unable to re-encode 'estimate_var_rho_int.R' line 40
     Warning: unable to re-encode 'estimate_var_rho_tsa.R' lines 63, 66
     Warning: unable to re-encode 'estimate_var_tsa.R' lines 51, 54
     Warning: unable to re-encode 'heterogeneity.R' lines 43, 47, 51, 55, 59
     Warning: unable to re-encode 'ma_r.R' lines 232, 240
     Warning: unable to re-encode 'ma_r_ad_rb_adj.R' lines 15, 19, 220, 422
     Warning: unable to re-encode 'ma_r_ad_uvdrr.R' line 15
     Warning: unable to re-encode 'ma_r_ad_uvirr.R' lines 11, 19, 223
     Warning: unable to re-encode 'methods_print.R' line 15
     Warning: unable to re-encode 'var_error.R' lines 111, 112, 172, 173, 224, 366, 367, 421
Flavor: r-devel-linux-x86_64-debian-clang

Version: 2.3.2
Check: loading without being on the library search path
Result: WARN
    ----------------------------------------------------- psychmeta version 2.3.2 --
    
    Please report any bugs to github.com/psychmeta/psychmeta/issues
    or issues@psychmeta.com
    
    We work hard to produce these open-source tools for the R community,
    please cite psychmeta when you use it in your research:
     Dahlke, J. A., & Wiernik, B. M. (2018). psychmeta: An R package for
     psychometric meta-analysis. Applied Psychological Measurement.
     Advance online publication. https://doi.org/10.1177/0146621618795933
    
    Find info about psychmeta on the web at psychmeta.com and twitter.com/psychmetaR
    Error: package or namespace load failed for 'psychmeta':
     .onAttach failed in attachNamespace() for 'psychmeta', details:
     call: open.connection(x, "rb")
     error: cannot open the connection
    Execution halted
    
    It looks like this package has a loading problem when not on .libPaths:
    see the messages for details.
Flavors: r-release-windows-ix86+x86_64, r-oldrel-windows-ix86+x86_64