CRAN Package Check Results for Package psychmeta

Last updated on 2019-12-08 11:47:25 CET.

Flavor Version Tinstall Tcheck Ttotal Status Flags
r-devel-linux-x86_64-debian-clang 2.3.3 58.08 327.83 385.91 OK
r-devel-linux-x86_64-debian-gcc 2.3.3 48.14 243.21 291.35 OK
r-devel-linux-x86_64-fedora-clang 2.3.3 452.65 OK
r-devel-linux-x86_64-fedora-gcc 2.3.3 454.90 OK
r-devel-windows-ix86+x86_64 2.3.3 74.00 420.00 494.00 OK
r-devel-windows-ix86+x86_64-gcc8 2.3.3 92.00 446.00 538.00 OK
r-patched-linux-x86_64 2.3.3 54.34 289.94 344.28 OK
r-patched-solaris-x86 2.3.3 510.50 OK
r-release-linux-x86_64 2.3.3 52.59 296.76 349.35 OK
r-release-windows-ix86+x86_64 2.3.3 74.00 286.00 360.00 OK
r-release-osx-x86_64 2.3.3 OK
r-oldrel-windows-ix86+x86_64 2.3.3 61.00 258.00 319.00 WARN
r-oldrel-osx-x86_64 2.3.3 OK

Check Details

Version: 2.3.3
Check: loading without being on the library search path
Result: WARN
    ----------------------------------------------------- psychmeta version 2.3.3 --
    
    Please report any bugs to github.com/psychmeta/psychmeta/issues
    or issues@psychmeta.com
    
    We work hard to produce these open-source tools for the R community,
    please cite psychmeta when you use it in your research:
     Dahlke, J. A., & Wiernik, B. M. (2018). psychmeta: An R package for
     psychometric meta-analysis. Applied Psychological Measurement.
     Advance online publication. https://doi.org/10.1177/0146621618795933
    
    Find info about psychmeta on the web at psychmeta.com and twitter.com/psychmetaR
    Error: package or namespace load failed for 'psychmeta':
     .onAttach failed in attachNamespace() for 'psychmeta', details:
     call: open.connection(x, "rb")
     error: cannot open the connection
    Execution halted
    
    It looks like this package has a loading problem when not on .libPaths:
    see the messages for details.
Flavor: r-oldrel-windows-ix86+x86_64