CRAN Package Check Results for Package psychmeta

Last updated on 2020-04-05 02:50:41 CEST.

Flavor Version Tinstall Tcheck Ttotal Status Flags
r-devel-linux-x86_64-debian-clang 2.3.6 58.05 343.09 401.14 WARN
r-devel-linux-x86_64-debian-gcc 2.3.6 46.92 256.45 303.37 WARN
r-devel-linux-x86_64-fedora-clang 2.3.6 463.43 WARN
r-devel-linux-x86_64-fedora-gcc 2.3.6 457.96 WARN
r-devel-windows-ix86+x86_64 2.3.6 95.00 302.00 397.00 WARN
r-devel-windows-ix86+x86_64-gcc8 2.3.6 77.00 315.00 392.00 WARN
r-patched-linux-x86_64 2.3.6 54.50 335.85 390.35 WARN
r-patched-solaris-x86 2.3.6 583.70 WARN
r-release-linux-x86_64 2.3.6 53.22 313.93 367.15 OK
r-release-windows-ix86+x86_64 2.3.6 109.00 444.00 553.00 OK
r-release-osx-x86_64 2.3.6 OK
r-oldrel-windows-ix86+x86_64 2.3.6 64.00 315.00 379.00 OK
r-oldrel-osx-x86_64 2.3.6 OK

Check Details

Version: 2.3.6
Check: re-building of vignette outputs
Result: WARN
    Error(s) in re-building vignettes:
     ...
    --- re-building 'barebones_correlation.Rmd' using rmarkdown
    --- finished re-building 'barebones_correlation.Rmd'
    
    --- re-building 'overview.Rmd' using rmarkdown
    Quitting from lines 97-103 (overview.Rmd)
    Error: processing vignette 'overview.Rmd' failed with diagnostics:
    invalid 'row.names' length
    --- failed re-building 'overview.Rmd'
    
    SUMMARY: processing the following file failed:
     'overview.Rmd'
    
    Error: Vignette re-building failed.
    Execution halted
Flavors: r-devel-linux-x86_64-debian-clang, r-devel-linux-x86_64-debian-gcc, r-patched-linux-x86_64

Version: 2.3.6
Check: re-building of vignette outputs
Result: WARN
    Error(s) in re-building vignettes:
    --- re-building ‘barebones_correlation.Rmd’ using rmarkdown
    --- finished re-building ‘barebones_correlation.Rmd’
    
    --- re-building ‘overview.Rmd’ using rmarkdown
    Quitting from lines 97-103 (overview.Rmd)
    Error: processing vignette 'overview.Rmd' failed with diagnostics:
    invalid 'row.names' length
    --- failed re-building ‘overview.Rmd’
    
    SUMMARY: processing the following file failed:
     ‘overview.Rmd’
    
    Error: Vignette re-building failed.
    Execution halted
Flavors: r-devel-linux-x86_64-fedora-clang, r-devel-linux-x86_64-fedora-gcc, r-devel-windows-ix86+x86_64, r-devel-windows-ix86+x86_64-gcc8

Version: 2.3.6
Check: re-building of vignette outputs
Result: WARN
    Error(s) in re-building vignettes:
     ...
    --- re-building ‘barebones_correlation.Rmd’ using rmarkdown
    Warning in engine$weave(file, quiet = quiet, encoding = enc) :
     Pandoc (>= 1.12.3) and/or pandoc-citeproc not available. Falling back to R Markdown v1.
    --- finished re-building ‘barebones_correlation.Rmd’
    
    --- re-building ‘overview.Rmd’ using rmarkdown
    Warning in engine$weave(file, quiet = quiet, encoding = enc) :
     Pandoc (>= 1.12.3) and/or pandoc-citeproc not available. Falling back to R Markdown v1.
    Quitting from lines 97-103 (overview.Rmd)
    Error: processing vignette 'overview.Rmd' failed with diagnostics:
    invalid 'row.names' length
    --- failed re-building ‘overview.Rmd’
    
    SUMMARY: processing the following file failed:
     ‘overview.Rmd’
    
    Error: Vignette re-building failed.
    Execution halted
Flavor: r-patched-solaris-x86