CRAN Package Check Results for Package psychmeta

Last updated on 2020-02-21 01:46:45 CET.

Flavor Version Tinstall Tcheck Ttotal Status Flags
r-devel-linux-x86_64-debian-clang 2.3.5 56.56 348.04 404.60 WARN
r-devel-linux-x86_64-debian-gcc 2.3.6 47.62 260.62 308.24 OK
r-devel-linux-x86_64-fedora-clang 2.3.6 494.22 OK
r-devel-linux-x86_64-fedora-gcc 2.3.6 490.36 OK
r-devel-windows-ix86+x86_64 2.3.5 73.00 347.00 420.00 OK
r-devel-windows-ix86+x86_64-gcc8 2.3.6 117.00 456.00 573.00 OK
r-patched-linux-x86_64 2.3.5 50.26 313.51 363.77 OK
r-patched-solaris-x86 2.3.6 473.20 OK
r-release-linux-x86_64 2.3.5 55.30 317.19 372.49 OK
r-release-windows-ix86+x86_64 2.3.5 60.00 331.00 391.00 OK
r-release-osx-x86_64 2.3.5 WARN
r-oldrel-windows-ix86+x86_64 2.3.6 77.00 389.00 466.00 OK
r-oldrel-osx-x86_64 2.3.5 WARN

Check Details

Version: 2.3.5
Check: re-building of vignette outputs
Result: WARN
    Error(s) in re-building vignettes:
     ...
    --- re-building 'barebones_correlation.Rmd' using rmarkdown
    --- finished re-building 'barebones_correlation.Rmd'
    
    --- re-building 'overview.Rmd' using rmarkdown
    Quitting from lines 97-103 (overview.Rmd)
    Error: processing vignette 'overview.Rmd' failed with diagnostics:
    invalid 'row.names' length
    --- failed re-building 'overview.Rmd'
    
    SUMMARY: processing the following file failed:
     'overview.Rmd'
    
    Error: Vignette re-building failed.
    Execution halted
Flavor: r-devel-linux-x86_64-debian-clang

Version: 2.3.5
Check: re-building of vignette outputs
Result: WARN
    Error(s) in re-building vignettes:
     ...
    --- re-building ‘barebones_correlation.Rmd’ using rmarkdown
    Warning in engine$weave(file, quiet = quiet, encoding = enc) :
     Pandoc (>= 1.12.3) and/or pandoc-citeproc not available. Falling back to R Markdown v1.
    --- finished re-building ‘barebones_correlation.Rmd’
    
    --- re-building ‘overview.Rmd’ using rmarkdown
    Warning in engine$weave(file, quiet = quiet, encoding = enc) :
     Pandoc (>= 1.12.3) and/or pandoc-citeproc not available. Falling back to R Markdown v1.
    Quitting from lines 507-508 (overview.Rmd)
    Error: processing vignette 'overview.Rmd' failed with diagnostics:
    invalid 'na.print' specification
    --- failed re-building ‘overview.Rmd’
    
    SUMMARY: processing the following file failed:
     ‘overview.Rmd’
    
    Error: Vignette re-building failed.
    Execution halted
Flavor: r-release-osx-x86_64

Version: 2.3.5
Check: re-building of vignette outputs
Result: WARN
    Error in re-building vignettes:
     ...
    Warning in engine$weave(file, quiet = quiet, encoding = enc) :
     Pandoc (>= 1.12.3) and/or pandoc-citeproc not available. Falling back to R Markdown v1.
    Warning in engine$weave(file, quiet = quiet, encoding = enc) :
     Pandoc (>= 1.12.3) and/or pandoc-citeproc not available. Falling back to R Markdown v1.
    Quitting from lines 507-508 (overview.Rmd)
    Error: processing vignette 'overview.Rmd' failed with diagnostics:
    invalid 'na.print' specification
    Execution halted
Flavor: r-oldrel-osx-x86_64