CRAN Package Check Results for Package psychomix

Last updated on 2022-01-28 21:52:02 CET.

Flavor Version Tinstall Tcheck Ttotal Status Flags
r-devel-linux-x86_64-debian-clang 1.1-8 8.47 85.76 94.23 OK --no-vignettes
r-devel-linux-x86_64-debian-gcc 1.1-8 7.36 63.48 70.84 OK --no-vignettes
r-devel-linux-x86_64-fedora-clang 1.1-8 752.63 OK
r-devel-linux-x86_64-fedora-gcc 1.1-8 740.74 OK
r-devel-windows-x86_64-new-UL 1.1-8 69.00 94.00 163.00 OK --no-vignettes
r-devel-windows-x86_64-new-TK 1.1-8 NOTE --no-vignettes
r-patched-linux-x86_64 1.1-8 9.53 81.24 90.77 OK --no-vignettes
r-release-linux-x86_64 1.1-8 9.55 79.64 89.19 OK --no-vignettes
r-release-macos-arm64 1.1-8 OK
r-release-macos-x86_64 1.1-8 OK
r-release-windows-ix86+x86_64 1.1-8 20.00 73.00 93.00 OK --no-vignettes
r-oldrel-macos-x86_64 1.1-8 OK
r-oldrel-windows-ix86+x86_64 1.1-8 21.00 91.00 112.00 OK --no-vignettes

Check Details

Version: 1.1-8
Flags: --no-vignettes
Check: package dependencies
Result: NOTE
    Package suggested but not available for checking: 'effects'
Flavor: r-devel-windows-x86_64-new-TK

Version: 1.1-8
Flags: --no-vignettes
Check: Rd cross-references
Result: NOTE
    Package unavailable to check Rd xrefs: 'effects'
Flavor: r-devel-windows-x86_64-new-TK