CRAN Package Check Results for Package psychtm

Last updated on 2022-07-02 00:50:55 CEST.

Flavor Version Tinstall Tcheck Ttotal Status Flags
r-devel-linux-x86_64-debian-clang 2021.1.0 293.48 482.35 775.83 OK
r-devel-linux-x86_64-debian-gcc 2021.1.0 242.97 297.47 540.44 OK
r-devel-linux-x86_64-fedora-clang 2021.1.0 1020.06 NOTE
r-devel-linux-x86_64-fedora-gcc 2021.1.0 923.36 OK
r-devel-windows-x86_64 2021.1.0 542.00 548.00 1090.00 OK
r-patched-linux-x86_64 2021.1.0 268.94 399.12 668.06 OK
r-release-linux-x86_64 2021.1.0 263.22 387.71 650.93 OK
r-release-macos-arm64 2021.1.0 217.00 NOTE
r-release-macos-x86_64 2021.1.0 275.00 NOTE
r-release-windows-x86_64 2021.1.0 261.00 546.00 807.00 OK
r-oldrel-macos-arm64 2021.1.0 204.00 NOTE
r-oldrel-macos-x86_64 2021.1.0 285.00 NOTE
r-oldrel-windows-ix86+x86_64 2021.1.0 757.00 596.00 1353.00 OK

Check Details

Version: 2021.1.0
Check: installed package size
Result: NOTE
     installed size is 6.0Mb
     sub-directories of 1Mb or more:
     libs 5.1Mb
Flavors: r-devel-linux-x86_64-fedora-clang, r-release-macos-arm64, r-release-macos-x86_64, r-oldrel-macos-arm64, r-oldrel-macos-x86_64