CRAN Package Check Results for Package ptinpoly

Last updated on 2021-11-27 23:51:33 CET.

Flavor Version Tinstall Tcheck Ttotal Status Flags
r-devel-linux-x86_64-debian-clang 2.8 OK
r-devel-linux-x86_64-debian-gcc 2.8 5.11 20.71 25.82 OK
r-devel-linux-x86_64-fedora-clang 2.8 57.91 NOTE
r-devel-linux-x86_64-fedora-gcc 2.8 43.76 NOTE
r-devel-windows-x86_64-new-UL 2.8 16.00 80.00 96.00 OK
r-devel-windows-x86_64-new-TK 2.8 OK
r-devel-windows-x86_64-old 2.8 9.00 44.00 53.00 OK
r-patched-linux-x86_64 2.8 6.98 25.44 32.42 OK
r-patched-solaris-x86 2.8 69.90 OK
r-release-linux-x86_64 2.8 OK
r-release-macos-arm64 2.8 OK
r-release-macos-x86_64 2.8 OK
r-release-windows-ix86+x86_64 2.8 22.00 61.00 83.00 OK
r-oldrel-macos-x86_64 2.8 OK
r-oldrel-windows-ix86+x86_64 2.8 19.00 65.00 84.00 OK

Check Details

Version: 2.8
Check: compiled code
Result: NOTE
    File ‘ptinpoly/libs/ptinpoly.so’:
     Found no calls to: ‘R_registerRoutines’, ‘R_useDynamicSymbols’
    
    It is good practice to register native routines and to disable symbol
    search.
    
    See ‘Writing portable packages’ in the ‘Writing R Extensions’ manual.
Flavors: r-devel-linux-x86_64-fedora-clang, r-devel-linux-x86_64-fedora-gcc