CRAN Package Check Results for Package ptmixed

Last updated on 2023-12-10 13:49:38 CET.

Flavor Version Tinstall Tcheck Ttotal Status Flags
r-devel-linux-x86_64-debian-clang 1.1.3 5.21 368.53 373.74 OK
r-devel-linux-x86_64-debian-gcc 1.1.3 3.65 268.03 271.68 OK
r-devel-linux-x86_64-fedora-clang 1.1.3 447.00 OK
r-devel-linux-x86_64-fedora-gcc 1.1.3 425.63 OK
r-devel-windows-x86_64 1.1.3 5.00 241.00 246.00 OK
r-patched-linux-x86_64 1.1.3 4.80 358.98 363.78 OK
r-release-linux-x86_64 1.1.3 3.71 343.14 346.85 OK
r-release-macos-arm64 1.1.3 106.00 OK
r-release-macos-x86_64 1.1.3 233.00 OK
r-release-windows-x86_64 1.1.3 6.00 348.00 354.00 OK
r-oldrel-macos-arm64 1.1.3 9.00 ERROR
r-oldrel-macos-x86_64 1.1.3 11.00 ERROR
r-oldrel-windows-x86_64 1.1.3 7.00 341.00 348.00 OK

Check Details

Version: 1.1.3
Check: package dependencies
Result: ERROR Package required but not available: ‘tweeDEseq’ See section ‘The DESCRIPTION file’ in the ‘Writing R Extensions’ manual. Flavors: r-oldrel-macos-arm64, r-oldrel-macos-x86_64