CRAN Package Check Results for Package ptvapi

Last updated on 2021-04-14 17:47:21 CEST.

Flavor Version Tinstall Tcheck Ttotal Status Flags
r-devel-linux-x86_64-debian-clang 1.1.3 3.53 30.74 34.27 NOTE
r-devel-linux-x86_64-debian-gcc 1.1.3 2.64 23.59 26.23 NOTE
r-devel-linux-x86_64-fedora-clang 1.1.3 49.67 NOTE
r-devel-linux-x86_64-fedora-gcc 1.1.3 39.37 NOTE
r-devel-windows-ix86+x86_64 1.1.3 7.00 38.00 45.00 NOTE
r-devel-windows-x86_64-gcc10-UCRT 1.1.3 NOTE
r-patched-linux-x86_64 1.1.3 3.03 28.95 31.98 OK
r-patched-solaris-x86 1.1.3 58.80 OK
r-release-linux-x86_64 1.1.3 3.41 28.96 32.37 OK
r-release-macos-x86_64 1.1.3 OK
r-release-windows-ix86+x86_64 1.1.3 18.00 49.00 67.00 OK
r-oldrel-macos-x86_64 1.1.3 OK
r-oldrel-windows-ix86+x86_64 1.1.3 6.00 32.00 38.00 OK

Check Details

Version: 1.1.3
Check: LazyData
Result: NOTE
     'LazyData' is specified without a 'data' directory
Flavors: r-devel-linux-x86_64-debian-clang, r-devel-linux-x86_64-debian-gcc, r-devel-linux-x86_64-fedora-clang, r-devel-linux-x86_64-fedora-gcc, r-devel-windows-ix86+x86_64, r-devel-windows-x86_64-gcc10-UCRT