CRAN Package Check Results for Package pubtatordb

Last updated on 2025-04-18 07:54:24 CEST.

Flavor Version Tinstall Tcheck Ttotal Status Flags
r-devel-linux-x86_64-debian-clang 0.1.4 2.01 25.01 27.02 OK
r-devel-linux-x86_64-debian-gcc 0.1.4 1.60 20.31 21.91 OK
r-devel-linux-x86_64-fedora-clang 0.1.4 45.23 OK
r-devel-linux-x86_64-fedora-gcc 0.1.4 57.88 OK
r-devel-windows-x86_64 0.1.4 5.00 50.00 55.00 OK
r-patched-linux-x86_64 0.1.4 2.18 24.38 26.56 OK
r-release-linux-x86_64 0.1.4 2.06 24.35 26.41 OK
r-release-macos-arm64 0.1.4 29.00 OK
r-release-macos-x86_64 0.1.4 75.00 OK
r-release-windows-x86_64 0.1.4 4.00 49.00 53.00 OK
r-oldrel-macos-arm64 0.1.4 24.00 NOTE
r-oldrel-macos-x86_64 0.1.4 62.00 NOTE
r-oldrel-windows-x86_64 0.1.4 4.00 52.00 56.00 NOTE

Additional issues

donttest

Check Details

Version: 0.1.4
Check: LazyData
Result: NOTE 'LazyData' is specified without a 'data' directory Flavors: r-oldrel-macos-arm64, r-oldrel-macos-x86_64, r-oldrel-windows-x86_64