CRAN Package Check Results for Package pullword

Last updated on 2020-10-25 17:50:38 CET.

Flavor Version Tinstall Tcheck Ttotal Status Flags
r-devel-linux-x86_64-debian-clang 0.2 3.94 27.13 31.07 OK
r-devel-linux-x86_64-debian-gcc 0.2 2.83 20.08 22.91 OK
r-devel-linux-x86_64-fedora-clang 0.2 43.95 NOTE
r-devel-linux-x86_64-fedora-gcc 0.2 34.16 NOTE
r-devel-windows-ix86+x86_64 0.2 12.00 57.00 69.00 OK
r-patched-linux-x86_64 0.2 3.29 24.95 28.24 OK
r-patched-solaris-x86 0.2 57.50 OK
r-release-linux-x86_64 0.2 3.21 24.38 27.59 OK
r-release-macos-x86_64 0.2 OK
r-release-windows-ix86+x86_64 0.2 11.00 43.00 54.00 OK
r-oldrel-macos-x86_64 0.2 OK
r-oldrel-windows-ix86+x86_64 0.2 11.00 43.00 54.00 OK

Check Details

Version: 0.2
Check: compiled code
Result: NOTE
    File ‘pullword/libs/pullword.so’:
     Found no calls to: ‘R_registerRoutines’, ‘R_useDynamicSymbols’
    
    It is good practice to register native routines and to disable symbol
    search.
    
    See ‘Writing portable packages’ in the ‘Writing R Extensions’ manual.
Flavors: r-devel-linux-x86_64-fedora-clang, r-devel-linux-x86_64-fedora-gcc