CRAN Package Check Results for Package pullword

Last updated on 2019-07-21 21:47:02 CEST.

Flavor Version Tinstall Tcheck Ttotal Status Flags
r-devel-linux-x86_64-debian-clang 0.2 3.22 22.57 25.79 OK
r-devel-linux-x86_64-debian-gcc 0.2 2.57 18.74 21.31 OK
r-devel-linux-x86_64-fedora-clang 0.2 31.13 NOTE
r-devel-linux-x86_64-fedora-gcc 0.2 30.51 NOTE
r-devel-windows-ix86+x86_64 0.2 12.00 48.00 60.00 OK
r-patched-linux-x86_64 0.2 2.92 22.83 25.75 OK
r-patched-solaris-x86 0.2 52.00 OK
r-release-linux-x86_64 0.2 3.06 22.36 25.42 OK
r-release-windows-ix86+x86_64 0.2 15.00 86.00 101.00 OK
r-release-osx-x86_64 0.2 OK
r-oldrel-windows-ix86+x86_64 0.2 9.00 60.00 69.00 OK
r-oldrel-osx-x86_64 0.2 OK

Check Details

Version: 0.2
Check: compiled code
Result: NOTE
    File ‘pullword/libs/pullword.so’:
     Found no calls to: ‘R_registerRoutines’, ‘R_useDynamicSymbols’
    
    It is good practice to register native routines and to disable symbol
    search.
    
    See ‘Writing portable packages’ in the ‘Writing R Extensions’ manual.
Flavors: r-devel-linux-x86_64-fedora-clang, r-devel-linux-x86_64-fedora-gcc