CRAN Package Check Results for Package purge

Last updated on 2024-07-15 19:54:01 CEST.

Flavor Version Tinstall Tcheck Ttotal Status Flags
r-devel-linux-x86_64-debian-clang 0.2.1 1.89 32.69 34.58 NOTE
r-devel-linux-x86_64-debian-gcc 0.2.1 1.57 24.11 25.68 NOTE
r-devel-linux-x86_64-fedora-clang 0.2.1 44.07 NOTE
r-devel-linux-x86_64-fedora-gcc 0.2.1 40.53 NOTE
r-devel-windows-x86_64 0.2.1 4.00 45.00 49.00 NOTE
r-patched-linux-x86_64 0.2.1 2.12 31.24 33.36 NOTE
r-release-linux-x86_64 0.2.1 1.69 30.72 32.41 NOTE
r-release-macos-arm64 0.2.1 20.00 NOTE
r-release-macos-x86_64 0.2.1 27.00 NOTE
r-release-windows-x86_64 0.2.1 3.00 45.00 48.00 NOTE
r-oldrel-macos-arm64 0.2.1 20.00 NOTE
r-oldrel-macos-x86_64 0.2.1 27.00 NOTE
r-oldrel-windows-x86_64 0.2.1 2.00 47.00 49.00 NOTE

Check Details

Version: 0.2.1
Check: LazyData
Result: NOTE 'LazyData' is specified without a 'data' directory Flavors: r-devel-linux-x86_64-debian-clang, r-devel-linux-x86_64-debian-gcc, r-devel-linux-x86_64-fedora-clang, r-devel-linux-x86_64-fedora-gcc, r-devel-windows-x86_64, r-patched-linux-x86_64, r-release-linux-x86_64, r-release-macos-arm64, r-release-macos-x86_64, r-release-windows-x86_64, r-oldrel-macos-arm64, r-oldrel-macos-x86_64, r-oldrel-windows-x86_64