CRAN Package Check Results for Package purging

Last updated on 2021-12-03 12:56:45 CET.

Flavor Version Tinstall Tcheck Ttotal Status Flags
r-devel-linux-x86_64-debian-clang 1.0.0 1.75 19.23 20.98 NOTE
r-devel-linux-x86_64-debian-gcc 1.0.0 1.31 15.33 16.64 NOTE
r-devel-linux-x86_64-fedora-clang 1.0.0 37.29 NOTE
r-devel-linux-x86_64-fedora-gcc 1.0.0 26.59 NOTE
r-devel-windows-x86_64-new-UL 1.0.0 6.00 50.00 56.00 NOTE
r-devel-windows-x86_64-new-TK 1.0.0 NOTE
r-devel-windows-x86_64-old 1.0.0 4.00 26.00 30.00 NOTE
r-patched-linux-x86_64 1.0.0 1.90 18.35 20.25 NOTE
r-patched-solaris-x86 1.0.0 42.80 NOTE
r-release-linux-x86_64 1.0.0 1.78 18.55 20.33 NOTE
r-release-macos-arm64 1.0.0 NOTE
r-release-macos-x86_64 1.0.0 NOTE
r-release-windows-ix86+x86_64 1.0.0 4.00 35.00 39.00 NOTE
r-oldrel-macos-x86_64 1.0.0 OK
r-oldrel-windows-ix86+x86_64 1.0.0 5.00 37.00 42.00 OK

Check Details

Version: 1.0.0
Check: LazyData
Result: NOTE
     'LazyData' is specified without a 'data' directory
Flavors: r-devel-linux-x86_64-debian-clang, r-devel-linux-x86_64-debian-gcc, r-devel-linux-x86_64-fedora-clang, r-devel-linux-x86_64-fedora-gcc, r-devel-windows-x86_64-new-UL, r-devel-windows-x86_64-new-TK, r-devel-windows-x86_64-old, r-patched-linux-x86_64, r-patched-solaris-x86, r-release-linux-x86_64, r-release-macos-arm64, r-release-macos-x86_64, r-release-windows-ix86+x86_64