CRAN Package Check Results for Package pwrAB

Last updated on 2023-06-06 14:59:34 CEST.

Flavor Version Tinstall Tcheck Ttotal Status Flags
r-devel-linux-x86_64-debian-clang 0.1.0 2.06 27.07 29.13 NOTE
r-devel-linux-x86_64-debian-gcc 0.1.0 1.59 20.49 22.08 NOTE
r-devel-linux-x86_64-fedora-clang 0.1.0 37.48 NOTE
r-devel-linux-x86_64-fedora-gcc 0.1.0 35.40 NOTE
r-devel-windows-x86_64 0.1.0 2.00 42.00 44.00 NOTE
r-patched-linux-x86_64 0.1.0 2.11 25.95 28.06 NOTE
r-release-linux-x86_64 0.1.0 1.96 25.79 27.75 NOTE
r-release-macos-arm64 0.1.0 16.00 NOTE
r-release-macos-x86_64 0.1.0 23.00 NOTE
r-release-windows-x86_64 0.1.0 2.00 39.00 41.00 NOTE
r-oldrel-macos-arm64 0.1.0 26.00 NOTE
r-oldrel-macos-x86_64 0.1.0 21.00 NOTE
r-oldrel-windows-x86_64 0.1.0 3.00 46.00 49.00 NOTE

Check Details

Version: 0.1.0
Check: LazyData
Result: NOTE
     'LazyData' is specified without a 'data' directory
Flavors: r-devel-linux-x86_64-debian-clang, r-devel-linux-x86_64-debian-gcc, r-devel-linux-x86_64-fedora-clang, r-devel-linux-x86_64-fedora-gcc, r-devel-windows-x86_64, r-patched-linux-x86_64, r-release-linux-x86_64, r-release-macos-arm64, r-release-macos-x86_64, r-release-windows-x86_64, r-oldrel-macos-arm64, r-oldrel-macos-x86_64, r-oldrel-windows-x86_64