CRAN Package Check Results for Package pwrAB

Last updated on 2019-04-21 20:48:30 CEST.

Flavor Version Tinstall Tcheck Ttotal Status Flags
r-devel-linux-x86_64-debian-clang 0.1.0 1.61 21.02 22.63 OK
r-devel-linux-x86_64-debian-gcc 0.1.0 1.37 17.21 18.58 OK
r-devel-linux-x86_64-fedora-clang 0.1.0 27.06 OK
r-devel-linux-x86_64-fedora-gcc 0.1.0 25.58 OK
r-devel-windows-ix86+x86_64 0.1.0 6.00 30.00 36.00 OK
r-patched-linux-x86_64 0.1.0 1.73 21.10 22.83 OK
r-patched-solaris-x86 0.1.0 41.30 OK
r-release-linux-x86_64 0.1.0 0.88 20.02 20.90 NOTE
r-release-windows-ix86+x86_64 0.1.0 2.00 41.00 43.00 OK
r-release-osx-x86_64 0.1.0 OK
r-oldrel-windows-ix86+x86_64 0.1.0 2.00 41.00 43.00 OK
r-oldrel-osx-x86_64 0.1.0 OK

Check Details

Version: 0.1.0
Check: DESCRIPTION meta-information
Result: NOTE
    Dependence on R version ‘3.3.1’ not with patchlevel 0
Flavor: r-release-linux-x86_64