CRAN Package Check Results for Package pwt

Last updated on 2019-08-24 22:46:34 CEST.

Flavor Version Tinstall Tcheck Ttotal Status Flags
r-devel-linux-x86_64-debian-clang 7.1-1 9.09 21.85 30.94 OK
r-devel-linux-x86_64-debian-gcc 7.1-1 7.78 18.18 25.96 OK
r-devel-linux-x86_64-fedora-clang 7.1-1 37.95 NOTE
r-devel-linux-x86_64-fedora-gcc 7.1-1 37.29 OK
r-devel-windows-ix86+x86_64 7.1-1 23.00 33.00 56.00 NOTE
r-patched-linux-x86_64 7.1-1 9.29 21.94 31.23 OK
r-patched-solaris-x86 7.1-1 62.60 NOTE
r-release-linux-x86_64 7.1-1 7.79 21.72 29.51 OK
r-release-windows-ix86+x86_64 7.1-1 13.00 47.00 60.00 NOTE
r-release-osx-x86_64 7.1-1 NOTE
r-oldrel-windows-ix86+x86_64 7.1-1 11.00 32.00 43.00 NOTE
r-oldrel-osx-x86_64 7.1-1 NOTE

Check Details

Version: 7.1-1
Check: installed package size
Result: NOTE
     installed size is 7.3Mb
     sub-directories of 1Mb or more:
     data 7.2Mb
Flavors: r-devel-linux-x86_64-fedora-clang, r-devel-windows-ix86+x86_64, r-patched-solaris-x86, r-release-windows-ix86+x86_64, r-release-osx-x86_64, r-oldrel-windows-ix86+x86_64, r-oldrel-osx-x86_64