CRAN Package Check Results for Package pwt

Last updated on 2019-02-22 15:57:38 CET.

Flavor Version Tinstall Tcheck Ttotal Status Flags
r-devel-linux-x86_64-debian-clang 7.1-1 7.25 21.68 28.93 OK
r-devel-linux-x86_64-debian-gcc 7.1-1 6.97 18.03 25.00 OK
r-devel-linux-x86_64-fedora-clang 7.1-1 37.52 NOTE
r-devel-linux-x86_64-fedora-gcc 7.1-1 35.67 OK
r-devel-windows-ix86+x86_64 7.1-1 13.00 32.00 45.00 NOTE
r-patched-linux-x86_64 7.1-1 7.46 20.45 27.91 OK
r-patched-solaris-x86 7.1-1 56.80 NOTE
r-release-linux-x86_64 7.1-1 OK
r-release-windows-ix86+x86_64 7.1-1 11.00 32.00 43.00 NOTE
r-release-osx-x86_64 7.1-1 NOTE
r-oldrel-windows-ix86+x86_64 7.1-1 12.00 43.00 55.00 NOTE
r-oldrel-osx-x86_64 7.1-1 NOTE

Check Details

Version: 7.1-1
Check: installed package size
Result: NOTE
     installed size is 7.3Mb
     sub-directories of 1Mb or more:
     data 7.2Mb
Flavors: r-devel-linux-x86_64-fedora-clang, r-devel-windows-ix86+x86_64, r-patched-solaris-x86, r-release-windows-ix86+x86_64, r-release-osx-x86_64, r-oldrel-windows-ix86+x86_64, r-oldrel-osx-x86_64