CRAN Package Check Results for Package pwt

Last updated on 2020-11-28 11:48:59 CET.

Flavor Version Tinstall Tcheck Ttotal Status Flags
r-devel-linux-x86_64-debian-clang 7.1-1 10.13 29.24 39.37 OK
r-devel-linux-x86_64-debian-gcc 7.1-1 7.46 22.47 29.93 OK
r-devel-linux-x86_64-fedora-clang 7.1-1 49.98 NOTE
r-devel-linux-x86_64-fedora-gcc 7.1-1 39.48 OK
r-devel-windows-ix86+x86_64 7.1-1 13.00 37.00 50.00 NOTE
r-patched-linux-x86_64 7.1-1 10.43 25.54 35.97 OK
r-patched-solaris-x86 7.1-1 64.20 NOTE
r-release-linux-x86_64 7.1-1 10.38 28.35 38.73 OK
r-release-macos-x86_64 7.1-1 NOTE
r-release-windows-ix86+x86_64 7.1-1 11.00 29.00 40.00 NOTE
r-oldrel-macos-x86_64 7.1-1 NOTE
r-oldrel-windows-ix86+x86_64 7.1-1 13.00 47.00 60.00 NOTE

Check Details

Version: 7.1-1
Check: installed package size
Result: NOTE
     installed size is 7.3Mb
     sub-directories of 1Mb or more:
     data 7.2Mb
Flavors: r-devel-linux-x86_64-fedora-clang, r-devel-windows-ix86+x86_64, r-patched-solaris-x86, r-release-macos-x86_64, r-release-windows-ix86+x86_64, r-oldrel-macos-x86_64, r-oldrel-windows-ix86+x86_64