CRAN Package Check Results for Package pxweb

Last updated on 2022-07-04 07:49:03 CEST.

Flavor Version Tinstall Tcheck Ttotal Status Flags
r-devel-linux-x86_64-debian-clang 0.13.1 7.17 47.02 54.19 ERROR
r-devel-linux-x86_64-debian-gcc 0.15.1 5.65 35.80 41.45 OK
r-devel-linux-x86_64-fedora-clang 0.15.1 73.27 OK
r-devel-linux-x86_64-fedora-gcc 0.15.1 72.80 OK
r-devel-windows-x86_64 0.15.1 60.00 87.00 147.00 OK
r-patched-linux-x86_64 0.15.1 6.14 45.82 51.96 OK
r-release-linux-x86_64 0.15.1 6.14 45.88 52.02 OK
r-release-macos-arm64 0.15.1 39.00 OK
r-release-macos-x86_64 0.15.1 45.00 OK
r-release-windows-x86_64 0.15.1 63.00 108.00 171.00 OK
r-oldrel-macos-arm64 0.15.1 38.00 OK
r-oldrel-macos-x86_64 0.15.1 43.00 OK
r-oldrel-windows-ix86+x86_64 0.13.1 12.00 71.00 83.00 OK

Check Details

Version: 0.13.1
Check: tests
Result: ERROR
     Running 'testthat.R' [3s/6s]
    Running the tests in 'tests/testthat.R' failed.
    Complete output:
     > print(Sys.getenv("NOT_CRAN"))
     [1] ""
     > testthat::test_check("pxweb")
     Loading required package: pxweb
     pxweb 0.13.1: R tools for the PX-WEB API.
     https://github.com/ropengov/pxweb
    
     [ FAIL 2 | WARN 4 | SKIP 31 | PASS 21 ]
    
     == Skipped tests ===============================================================
     * On CRAN (30)
     * on_github_actions() is not TRUE (1)
    
     == Failed tests ================================================================
     -- Failure (test-pxweb_api_catalogue.R:8:3): pxweb_api_catalogue ---------------
     `print\(pxac\)` does not match "Api:".
     Actual value: "\$api\.scb\.se\\nApi: api\.scb\.se\\n Statistics Sweden \\n \('scb'\)\\nVersion\(s\) : v1 \\nLanguage\(s\) : en, sv \\nLimit\(s\) : 30 calls per 10 sec\.\\n 110000 values per call\.\\nUrl template :\\n http://api\.scb\.se/OV0104/\[version\]/doris/\[lang\] \\n\\n\$statfin\.stat\.fi\\nApi: statfin\.stat\.fi\\n Statistics Finland \\n \('statfi', 'statfin'\)\\nVersion\(s\) : v1 \\nLanguage\(s\) : en, fi, sv \\nLimit\(s\) : 20 calls per 10 sec\.\\n 100000 values per call\.\\nUrl template :\\n https://statfin\.stat\.fi/PXWeb/api/\[version\]/\[lang\] \\n\\n\$pxwebapi2\.stat\.fi\\nApi: pxwebapi2\.stat\.fi\\n Statistics Finland \(old version\) \\nVersion\(s\) : v1 \\nLanguage\(s\) : fi \\nLimit\(s\) : 1000 calls per 10 sec\.\\n 110000 values per call\.\\nUrl template :\\n https://pxwebapi2\.stat\.fi/PXWeb/api/\[version\]/\[lang\] \\n\\n\$statistik\.sjv\.se\\nApi: statistik\.sjv\.se\\n The Swedish Agricultural Agency \\n \('jordbruksverket'\)\\nVersion\(s\) : v1 \\nLanguage\(s\) : sv \\nLimit\(s\) : 1000 calls per 10 sec\.\\n 1000 values per call\.\\nUrl template :\\n https://statistik\.sjv\.se/PXWeb/api/\[version\]/\[lang\] \\n\\n\$`fohm-app\.folkhalsomyndigheten\.se`\\nApi: fohm-app\.folkhalsomyndigheten\.se\\n The Public Health Agency of Sweden \\n \('fohm'\)\\nVersion\(s\) : v1 \\nLanguage\(s\) : sv \\nLimit\(s\) : 1000 calls per 10 sec\.\\n 1000 values per call\.\\nUrl template :\\n http://fohm-app\.folkhalsomyndigheten\.se/Folkhalsodata/api/\[version\]/\[lang\] \\n\\n\$statistik\.konj\.se\\nApi: statistik\.konj\.se\\n The Swedish National Institute of Economic Research \\n \('konj'\)\\nVersion\(s\) : v1 \\nLanguage\(s\) : en, sv \\nLimit\(s\) : 10 calls per 10 sec\.\\n 1000 values per call\.\\nUrl template :\\n http://statistik\.konj\.se/PXWeb/api/\[version\]/\[lang\] \\n\\n\$prognos\.konj\.se\\nApi: prognos\.konj\.se\\n The Swedish national institute of economic research, forecast database \\n \('konjforcast'\)\\nVersion\(s\) : v1 \\nLanguage\(s\) : sv \\nLimit\(s\) : 10 calls per 10 sec\.\\n 1000 values per call\.\\nUrl template :\\n http://prognos\.konj\.se/PXWeb/api/\[version\]/\[lang\] \\n\\n\$statdb\.luke\.fi\\nApi: statdb\.luke\.fi\\n LUKE Natural Resources Institute Finland \\n \('luke'\)\\nVersion\(s\) : v1 \\nLanguage\(s\) : en, fi, sv \\nLimit\(s\) : 10 calls per 10 sec\.\\n 10000 values per call\.\\nUrl template :\\n http://statdb\.luke\.fi/PXWeb/api/\[version\]/\[lang\] \\n\\n\$vero2\.stat\.fi\\nApi: vero2\.stat\.fi\\n Verohallinto - Finnish Tax Administration \\n \('vero'\)\\nVersion\(s\) : v1 \\nLanguage\(s\) : en, fi, sv \\nLimit\(s\) : 100 calls per 10 sec\.\\n 150000 values per call\.\\nUrl template :\\n http://vero2\.stat\.fi/PXWeb/api/\[version\]/\[lang\] \\n\\n\$px\.hagstofa\.is\\nApi: px\.hagstofa\.is\\n Statistics Iceland \\n \('statice'\)\\nVersion\(s\) : v1 \\nLanguage\(s\) : en, is \\nLimit\(s\) : 30 calls per 1 sec\.\\n 10000 values per call\.\\nUrl template :\\n http://px\.hagstofa\.is/px\[lang\]/api/\[version\]/\[lang\] \\n\\n\$statistik\.linkoping\.se\\nApi: statistik\.linkoping\.se\\n Link\\xf6ping municipality in Sweden \\n \('linkoping'\)\\nVersion\(s\) : v1 \\nLanguage\(s\) : sv \\nLimit\(s\) : 1000 calls per 10 sec\.\\n 1000 values per call\.\\nUrl template :\\n http://statistik\.linkoping\.se/PXWeb/api/\[version\]/\[lang\] \\n\\n\$pxwebb2017\.vgregion\.se\\nApi: pxwebb2017\.vgregion\.se\\n Vastra Gotaland Region in Sweden \\n \('vgregion'\)\\nVersion\(s\) : v1 \\nLanguage\(s\) : sv \\nLimit\(s\) : 10 calls per 10 sec\.\\n 1000 values per call\.\\nUrl template :\\n http://pxwebb2017\.vgregion\.se/pxweb/api/\[version\]/\[lang\] \\n\\n\$bank\.stat\.gl\\nApi: bank\.stat\.gl\\n Statbank Greenland \\n \('greenland'\)\\nVersion\(s\) : v1 \\nLanguage\(s\) : en, kl, da \\nLimit\(s\) : 10000 calls per 10 sec\.\\n 1000000 values per call\.\\nUrl template :\\n https://bank\.stat\.gl/api/\[version\]/\[lang\] \\n\\n\$px\.rsv\.is\\nApi: px\.rsv\.is\\n Icelandic Centre for Retail Studies \\n \('rsv'\)\\nVersion\(s\) : v1 \\nLanguage\(s\) : en, is \\nLimit\(s\) : 30 calls per 1 sec\.\\n 10000 values per call\.\\nUrl template :\\n http://px\.rsv\.is/PXWeb/api/\[version\]/\[lang\] \\n\\n\$statbank\.hagstova\.fo\\nApi: statbank\.hagstova\.fo\\n Statistics Faroe Islands \\n \('hagstovan'\)\\nVersion\(s\) : v1 \\nLanguage\(s\) : en, fo \\nLimit\(s\) : 1000000 calls per 1000000 sec\.\\n 100000 values per call\.\\nUrl template :\\n https://statbank\.hagstova\.fo:443/api/\[version\]/\[lang\] \\n\\n\$data\.ssb\.no\\nApi: data\.ssb\.no\\n Statistics Norway \\n \('ssb'\)\\nVersion\(s\) : v0 \\nLanguage\(s\) : en, no \\nLimit\(s\) : 30 calls per 60 sec\.\\n 30000 values per call\.\\nUrl template :\\n http://data\.ssb\.no/api/\[version\]/\[lang\] \\n\\n\$pxweb\.asub\.ax\\nApi: pxweb\.asub\.ax\\n Statistics Aland \\n \('asub'\)\\nVersion\(s\) : v1 \\nLanguage\(s\) : en, sv \\nLimit\(s\) : 10 calls per 10 sec\.\\n 1000 values per call\.\\nUrl template :\\n https://pxweb\.asub\.ax/PXWeb/api/\[version\]/\[lang\]/ \\n\\n\$makstat\.stat\.gov\.mk\\nApi: makstat\.stat\.gov\.mk\\n State Statistical Office of the Republic of Macedonia \\n \('makstat'\)\\nVersion\(s\) : v1 \\nLanguage\(s\) : en, mk \\nLimit\(s\) : 30 calls per 1 sec\.\\n 10000 values per call\.\\nUrl template :\\n https://makstat\.stat\.gov\.mk/PXWeb/api/\[version\]/\[lang\]/MakStat/ \\n\\n\$data\.stat\.gov\.lv\\nApi: data\.stat\.gov\.lv\\n Latvia - official statistics \\n \('csb_lv'\)\\nVersion\(s\) : v1 \\nLanguage\(s\) : en, lv \\nLimit\(s\) : 100 calls per 10 sec\.\\n 1000 values per call\.\\nUrl template :\\n https://data\.stat\.gov\.lv/api/\[version\]/\[lang\]/ \\n\\n\$statbank\.statistica\.md\\nApi: statbank\.statistica\.md\\n Statistics Moldova \\n \('statistica_md'\)\\nVersion\(s\) : v1 \\nLanguage\(s\) : en, ro \\nLimit\(s\) : 10 calls per 10 sec\.\\n 1000 values per call\.\\nUrl template :\\n https://statbank\.statistica\.md/pxweb/api/\[version\]/\[lang\]/ \\n\\n\$www\.pxweb\.bfs\.admin\.ch\\nApi: www\.pxweb\.bfs\.admin\.ch\\n Statistics Switzerland \\n \('switzerland'\)\\nVersion\(s\) : v1 \\nLanguage\(s\) : en, de, fr \\nLimit\(s\) : 10 calls per 10 sec\.\\n 5000 values per call\.\\nUrl template :\\n https://www\.pxweb\.bfs\.admin\.ch/api/\[version\]/\[lang\] \\n\\n\$`askdata\.rks-gov\.net`\\nApi: askdata\.rks-gov\.net\\n Statistics Kosovo \\n \('askdata'\)\\nVersion\(s\) : v1 \\nLanguage\(s\) : en \\nLimit\(s\) : 10 calls per 10 sec\.\\n 1000 values per call\.\\nUrl template :\\n https://askdata\.rks-gov\.net/PXWeb/api/\[version\]/\[lang\]/ \\n\\n\$trafi2\.stat\.fi\\nApi: trafi2\.stat\.fi\\n Finnish Transport Safety Agency \\n \('trafi2'\)\\nVersion\(s\) : v1 \\nLanguage\(s\) : en, sv, fi \\nLimit\(s\) : 100 calls per 10 sec\.\\n 110000 values per call\.\\nUrl template :\\n https://trafi2\.stat\.fi/PXWeb/api/\[version\]/\[lang\]/ \\n\\n\$w3\.unece\.org\\nApi: w3\.unece\.org\\n United Nations Economic Commission for Europe \\n \('unece'\)\\nVersion\(s\) : v1 \\nLanguage\(s\) : en \\nLimit\(s\) : 10 calls per 10 sec\.\\n 100000 values per call\.\\nUrl template :\\n https://w3\.unece\.org/PXWeb2015/api/\[version\]/\[lang\]/ \\n\\n\$`www\.grande-region\.lu`\\nApi: www\.grande-region\.lu\\n Portail statistique de la Grande R\\xe9gion \\n \('grande-region'\)\\nVersion\(s\) : v1 \\nLanguage\(s\) : fr, de \\nLimit\(s\) : 10 calls per 10 sec\.\\n 1000 values per call\.\\nUrl template :\\n https://www\.grande-region\.lu/pxweb/api/\[version\]/\[lang\] \\n\\n\$visitfinland\.stat\.fi\\nApi: visitfinland\.stat\.fi\\n Visit Finland \(Rudolf service\) \\nVersion\(s\) : v1 \\nLanguage\(s\) : fi \\nLimit\(s\) : 20 calls per 10 sec\.\\n 110000 values per call\.\\nUrl template :\\n http://visitfinland\.stat\.fi/PXWeb/api/\[version\]/\[lang\]/VisitFinland \\n\\n\$api\.aluesarjat\.fi\\nApi: api\.aluesarjat\.fi\\n Helsingin seudun aluesarjat -tilastotietokanta \\nVersion\(s\) : v1 \\nLanguage\(s\) : fi \\nLimit\(s\) : 1000 calls per 10 sec\.\\n 10000000 values per call\.\\nUrl template :\\n https://api\.aluesarjat\.fi/api/\[version\]/\[lang\] \\n\\n\$andmed\.stat\.ee\\nApi: andmed\.stat\.ee\\n Estonia - official statistics \\n \('stat_ee'\)\\nVersion\(s\) : v1 \\nLanguage\(s\) : en, et \\nLimit\(s\) : 1000 calls per 10 sec\.\\n 1000000 values per call\.\\nUrl template :\\n https://andmed\.stat\.ee/api/\[version\]/\[lang\]/stat \\n\\n\$pxweb\.nordicstatistics\.org\\nApi: pxweb\.nordicstatistics\.org\\n Nordic Statistics Database \\nVersion\(s\) : v1 \\nLanguage\(s\) : en \\nLimit\(s\) : 100 calls per 10 sec\.\\n 1000000 values per call\.\\nUrl template :\\n https://pxweb\.nordicstatistics\.org/api/\[version\]/\[lang\]/ \\n\\nattr\(,"class"\)\\n\[1\] "pxweb_api_catalogue" "list" "
     Backtrace:
     x
     1. \-testthat::expect_output(print(pxac), regexp = "Api:") at test-pxweb_api_catalogue.R:8:2
     2. \-testthat::expect_match(...)
     3. \-testthat:::expect_match_(...)
     -- Failure (test-pxweb_api_catalogue.R:11:3): pxweb_api_catalogue --------------
     `print\(pxac\)` does not match "Api:".
     Actual value: "\$api\.scb\.se\\nApi: api\.scb\.se\\n Statistics Sweden \\n \('scb'\)\\nVersion\(s\) : v1 \\nLanguage\(s\) : en, sv \\nLimit\(s\) : 30 calls per 10 sec\.\\n 110000 values per call\.\\nUrl template :\\n http://api\.scb\.se/OV0104/\[version\]/doris/\[lang\] \\n\\n\$statfin\.stat\.fi\\nApi: statfin\.stat\.fi\\n Statistics Finland \\n \('statfi', 'statfin'\)\\nVersion\(s\) : v1 \\nLanguage\(s\) : en, fi, sv \\nLimit\(s\) : 20 calls per 10 sec\.\\n 100000 values per call\.\\nUrl template :\\n https://statfin\.stat\.fi/PXWeb/api/\[version\]/\[lang\] \\n\\n\$pxwebapi2\.stat\.fi\\nApi: pxwebapi2\.stat\.fi\\n Statistics Finland \(old version\) \\nVersion\(s\) : v1 \\nLanguage\(s\) : fi \\nLimit\(s\) : 1000 calls per 10 sec\.\\n 110000 values per call\.\\nUrl template :\\n https://pxwebapi2\.stat\.fi/PXWeb/api/\[version\]/\[lang\] \\n\\n\$statistik\.sjv\.se\\nApi: statistik\.sjv\.se\\n The Swedish Agricultural Agency \\n \('jordbruksverket'\)\\nVersion\(s\) : v1 \\nLanguage\(s\) : sv \\nLimit\(s\) : 1000 calls per 10 sec\.\\n 1000 values per call\.\\nUrl template :\\n https://statistik\.sjv\.se/PXWeb/api/\[version\]/\[lang\] \\n\\n\$`fohm-app\.folkhalsomyndigheten\.se`\\nApi: fohm-app\.folkhalsomyndigheten\.se\\n The Public Health Agency of Sweden \\n \('fohm'\)\\nVersion\(s\) : v1 \\nLanguage\(s\) : sv \\nLimit\(s\) : 1000 calls per 10 sec\.\\n 1000 values per call\.\\nUrl template :\\n http://fohm-app\.folkhalsomyndigheten\.se/Folkhalsodata/api/\[version\]/\[lang\] \\n\\n\$statistik\.konj\.se\\nApi: statistik\.konj\.se\\n The Swedish National Institute of Economic Research \\n \('konj'\)\\nVersion\(s\) : v1 \\nLanguage\(s\) : en, sv \\nLimit\(s\) : 10 calls per 10 sec\.\\n 1000 values per call\.\\nUrl template :\\n http://statistik\.konj\.se/PXWeb/api/\[version\]/\[lang\] \\n\\n\$prognos\.konj\.se\\nApi: prognos\.konj\.se\\n The Swedish national institute of economic research, forecast database \\n \('konjforcast'\)\\nVersion\(s\) : v1 \\nLanguage\(s\) : sv \\nLimit\(s\) : 10 calls per 10 sec\.\\n 1000 values per call\.\\nUrl template :\\n http://prognos\.konj\.se/PXWeb/api/\[version\]/\[lang\] \\n\\n\$statdb\.luke\.fi\\nApi: statdb\.luke\.fi\\n LUKE Natural Resources Institute Finland \\n \('luke'\)\\nVersion\(s\) : v1 \\nLanguage\(s\) : en, fi, sv \\nLimit\(s\) : 10 calls per 10 sec\.\\n 10000 values per call\.\\nUrl template :\\n http://statdb\.luke\.fi/PXWeb/api/\[version\]/\[lang\] \\n\\n\$vero2\.stat\.fi\\nApi: vero2\.stat\.fi\\n Verohallinto - Finnish Tax Administration \\n \('vero'\)\\nVersion\(s\) : v1 \\nLanguage\(s\) : en, fi, sv \\nLimit\(s\) : 100 calls per 10 sec\.\\n 150000 values per call\.\\nUrl template :\\n http://vero2\.stat\.fi/PXWeb/api/\[version\]/\[lang\] \\n\\n\$px\.hagstofa\.is\\nApi: px\.hagstofa\.is\\n Statistics Iceland \\n \('statice'\)\\nVersion\(s\) : v1 \\nLanguage\(s\) : en, is \\nLimit\(s\) : 30 calls per 1 sec\.\\n 10000 values per call\.\\nUrl template :\\n http://px\.hagstofa\.is/px\[lang\]/api/\[version\]/\[lang\] \\n\\n\$statistik\.linkoping\.se\\nApi: statistik\.linkoping\.se\\n Link\\xf6ping municipality in Sweden \\n \('linkoping'\)\\nVersion\(s\) : v1 \\nLanguage\(s\) : sv \\nLimit\(s\) : 1000 calls per 10 sec\.\\n 1000 values per call\.\\nUrl template :\\n http://statistik\.linkoping\.se/PXWeb/api/\[version\]/\[lang\] \\n\\n\$pxwebb2017\.vgregion\.se\\nApi: pxwebb2017\.vgregion\.se\\n Vastra Gotaland Region in Sweden \\n \('vgregion'\)\\nVersion\(s\) : v1 \\nLanguage\(s\) : sv \\nLimit\(s\) : 10 calls per 10 sec\.\\n 1000 values per call\.\\nUrl template :\\n http://pxwebb2017\.vgregion\.se/pxweb/api/\[version\]/\[lang\] \\n\\n\$bank\.stat\.gl\\nApi: bank\.stat\.gl\\n Statbank Greenland \\n \('greenland'\)\\nVersion\(s\) : v1 \\nLanguage\(s\) : en, kl, da \\nLimit\(s\) : 10000 calls per 10 sec\.\\n 1000000 values per call\.\\nUrl template :\\n https://bank\.stat\.gl/api/\[version\]/\[lang\] \\n\\n\$px\.rsv\.is\\nApi: px\.rsv\.is\\n Icelandic Centre for Retail Studies \\n \('rsv'\)\\nVersion\(s\) : v1 \\nLanguage\(s\) : en, is \\nLimit\(s\) : 30 calls per 1 sec\.\\n 10000 values per call\.\\nUrl template :\\n http://px\.rsv\.is/PXWeb/api/\[version\]/\[lang\] \\n\\n\$statbank\.hagstova\.fo\\nApi: statbank\.hagstova\.fo\\n Statistics Faroe Islands \\n \('hagstovan'\)\\nVersion\(s\) : v1 \\nLanguage\(s\) : en, fo \\nLimit\(s\) : 1000000 calls per 1000000 sec\.\\n 100000 values per call\.\\nUrl template :\\n https://statbank\.hagstova\.fo:443/api/\[version\]/\[lang\] \\n\\n\$data\.ssb\.no\\nApi: data\.ssb\.no\\n Statistics Norway \\n \('ssb'\)\\nVersion\(s\) : v0 \\nLanguage\(s\) : en, no \\nLimit\(s\) : 30 calls per 60 sec\.\\n 30000 values per call\.\\nUrl template :\\n http://data\.ssb\.no/api/\[version\]/\[lang\] \\n\\n\$pxweb\.asub\.ax\\nApi: pxweb\.asub\.ax\\n Statistics Aland \\n \('asub'\)\\nVersion\(s\) : v1 \\nLanguage\(s\) : en, sv \\nLimit\(s\) : 10 calls per 10 sec\.\\n 1000 values per call\.\\nUrl template :\\n https://pxweb\.asub\.ax/PXWeb/api/\[version\]/\[lang\]/ \\n\\n\$makstat\.stat\.gov\.mk\\nApi: makstat\.stat\.gov\.mk\\n State Statistical Office of the Republic of Macedonia \\n \('makstat'\)\\nVersion\(s\) : v1 \\nLanguage\(s\) : en, mk \\nLimit\(s\) : 30 calls per 1 sec\.\\n 10000 values per call\.\\nUrl template :\\n https://makstat\.stat\.gov\.mk/PXWeb/api/\[version\]/\[lang\]/MakStat/ \\n\\n\$data\.stat\.gov\.lv\\nApi: data\.stat\.gov\.lv\\n Latvia - official statistics \\n \('csb_lv'\)\\nVersion\(s\) : v1 \\nLanguage\(s\) : en, lv \\nLimit\(s\) : 100 calls per 10 sec\.\\n 1000 values per call\.\\nUrl template :\\n https://data\.stat\.gov\.lv/api/\[version\]/\[lang\]/ \\n\\n\$statbank\.statistica\.md\\nApi: statbank\.statistica\.md\\n Statistics Moldova \\n \('statistica_md'\)\\nVersion\(s\) : v1 \\nLanguage\(s\) : en, ro \\nLimit\(s\) : 10 calls per 10 sec\.\\n 1000 values per call\.\\nUrl template :\\n https://statbank\.statistica\.md/pxweb/api/\[version\]/\[lang\]/ \\n\\n\$www\.pxweb\.bfs\.admin\.ch\\nApi: www\.pxweb\.bfs\.admin\.ch\\n Statistics Switzerland \\n \('switzerland'\)\\nVersion\(s\) : v1 \\nLanguage\(s\) : en, de, fr \\nLimit\(s\) : 10 calls per 10 sec\.\\n 5000 values per call\.\\nUrl template :\\n https://www\.pxweb\.bfs\.admin\.ch/api/\[version\]/\[lang\] \\n\\n\$`askdata\.rks-gov\.net`\\nApi: askdata\.rks-gov\.net\\n Statistics Kosovo \\n \('askdata'\)\\nVersion\(s\) : v1 \\nLanguage\(s\) : en \\nLimit\(s\) : 10 calls per 10 sec\.\\n 1000 values per call\.\\nUrl template :\\n https://askdata\.rks-gov\.net/PXWeb/api/\[version\]/\[lang\]/ \\n\\n\$trafi2\.stat\.fi\\nApi: trafi2\.stat\.fi\\n Finnish Transport Safety Agency \\n \('trafi2'\)\\nVersion\(s\) : v1 \\nLanguage\(s\) : en, sv, fi \\nLimit\(s\) : 100 calls per 10 sec\.\\n 110000 values per call\.\\nUrl template :\\n https://trafi2\.stat\.fi/PXWeb/api/\[version\]/\[lang\]/ \\n\\n\$w3\.unece\.org\\nApi: w3\.unece\.org\\n United Nations Economic Commission for Europe \\n \('unece'\)\\nVersion\(s\) : v1 \\nLanguage\(s\) : en \\nLimit\(s\) : 10 calls per 10 sec\.\\n 100000 values per call\.\\nUrl template :\\n https://w3\.unece\.org/PXWeb2015/api/\[version\]/\[lang\]/ \\n\\n\$`www\.grande-region\.lu`\\nApi: www\.grande-region\.lu\\n Portail statistique de la Grande R\\xe9gion \\n \('grande-region'\)\\nVersion\(s\) : v1 \\nLanguage\(s\) : fr, de \\nLimit\(s\) : 10 calls per 10 sec\.\\n 1000 values per call\.\\nUrl template :\\n https://www\.grande-region\.lu/pxweb/api/\[version\]/\[lang\] \\n\\n\$visitfinland\.stat\.fi\\nApi: visitfinland\.stat\.fi\\n Visit Finland \(Rudolf service\) \\nVersion\(s\) : v1 \\nLanguage\(s\) : fi \\nLimit\(s\) : 20 calls per 10 sec\.\\n 110000 values per call\.\\nUrl template :\\n http://visitfinland\.stat\.fi/PXWeb/api/\[version\]/\[lang\]/VisitFinland \\n\\n\$api\.aluesarjat\.fi\\nApi: api\.aluesarjat\.fi\\n Helsingin seudun aluesarjat -tilastotietokanta \\nVersion\(s\) : v1 \\nLanguage\(s\) : fi \\nLimit\(s\) : 1000 calls per 10 sec\.\\n 10000000 values per call\.\\nUrl template :\\n https://api\.aluesarjat\.fi/api/\[version\]/\[lang\] \\n\\n\$andmed\.stat\.ee\\nApi: andmed\.stat\.ee\\n Estonia - official statistics \\n \('stat_ee'\)\\nVersion\(s\) : v1 \\nLanguage\(s\) : en, et \\nLimit\(s\) : 1000 calls per 10 sec\.\\n 1000000 values per call\.\\nUrl template :\\n https://andmed\.stat\.ee/api/\[version\]/\[lang\]/stat \\n\\n\$pxweb\.nordicstatistics\.org\\nApi: pxweb\.nordicstatistics\.org\\n Nordic Statistics Database \\nVersion\(s\) : v1 \\nLanguage\(s\) : en \\nLimit\(s\) : 100 calls per 10 sec\.\\n 1000000 values per call\.\\nUrl template :\\n https://pxweb\.nordicstatistics\.org/api/\[version\]/\[lang\]/ \\n\\nattr\(,"class"\)\\n\[1\] "pxweb_api_catalogue" "list" "
     Backtrace:
     x
     1. \-testthat::expect_output(print(pxac), regexp = "Api:") at test-pxweb_api_catalogue.R:11:2
     2. \-testthat::expect_match(...)
     3. \-testthat:::expect_match_(...)
    
     [ FAIL 2 | WARN 4 | SKIP 31 | PASS 21 ]
     Error: Test failures
     Execution halted
Flavor: r-devel-linux-x86_64-debian-clang