CRAN Package Check Results for Package qMRI

Last updated on 2021-06-14 04:53:34 CEST.

Flavor Version Tinstall Tcheck Ttotal Status Flags
r-devel-linux-x86_64-debian-clang 1.2 10.40 226.62 237.02 OK
r-devel-linux-x86_64-debian-gcc 1.2 8.09 157.77 165.86 OK
r-devel-linux-x86_64-fedora-clang 1.2 271.85 OK
r-devel-linux-x86_64-fedora-gcc 1.2 279.72 OK
r-devel-windows-x86_64 1.2 17.00 259.00 276.00 OK
r-devel-windows-x86_64-gcc10-UCRT 1.2 ERROR
r-patched-linux-x86_64 1.2 9.20 208.20 217.40 OK
r-patched-solaris-x86 1.2 328.40 OK
r-release-linux-x86_64 1.2 9.93 209.72 219.65 OK
r-release-macos-arm64 1.2 OK
r-release-macos-x86_64 1.2 OK
r-release-windows-ix86+x86_64 1.2 17.00 355.00 372.00 OK
r-oldrel-macos-x86_64 1.2 OK
r-oldrel-windows-ix86+x86_64 1.2 18.00 359.00 377.00 OK

Check Details

Version: 1.2
Check: tests
Result: ERROR
     Running 'qMRI-test.R'
    Running the tests in 'tests/qMRI-test.R' failed.
    Last 13 lines of output:
     + maskFile, TR = TR, TE = TE,
     + FA = FA, verbose = FALSE)
     > #
     > # Estimate Parameters in the ESTATICS model
     > #
     > modelMPM <- estimateESTATICS(mpm, method = "NLR", verbose=FALSE)
     > #
     > # smooth maps of ESTATICS Parameters
     > #
     > setCores(2, reprt = FALSE)
     > modelMPMsp1 <- smoothESTATICS(modelMPM,
     + kstar = 16,
     + alpha = 0.004,
     + patchsize=1,
     + verbose = FALSE)
Flavor: r-devel-windows-x86_64-gcc10-UCRT

Version: 1.2
Check: running R code from vignettes
Result: ERROR
    Errors in running code in vignettes:
    when running code in 'qMRI-Example.Rnw'
     ...
    
    > modelMPM <- estimateESTATICS(mpm, method = "NLR",
    + verbose = FALSE)
    
    > setCores(2, reprt = FALSE)
    
    > modelMPMQLsp1 <- smoothESTATICS(modelMPM, mpmData = extract(mpm,
    + "ddata"), kstar = 16, alpha = 0.004, patchsize = 1, verbose = FALSE)
    
    ... incomplete output. Crash?
    
     'qMRI-Example.Rnw'... failed to complete the test
Flavor: r-devel-windows-x86_64-gcc10-UCRT

Version: 1.2
Check: re-building of vignette outputs
Result: NOTE
    Error(s) in re-building vignettes:
     ...
    --- re-building 'qMRI-Example.Rnw' using Sweave
    Loading required package: awsMethods
    
    Use the function setCores() to change the number of CPU cores.
Flavor: r-devel-windows-x86_64-gcc10-UCRT