CRAN Package Check Results for Package qdap

Last updated on 2018-09-22 05:49:10 CEST.

Flavor Version Tinstall Tcheck Ttotal Status Flags
r-devel-linux-x86_64-debian-clang 2.3.0 35.11 284.81 319.92 OK
r-devel-linux-x86_64-debian-gcc 2.3.0 32.50 220.94 253.44 OK
r-devel-linux-x86_64-fedora-clang 2.3.0 371.00 OK
r-devel-linux-x86_64-fedora-gcc 2.3.0 365.02 OK
r-devel-windows-ix86+x86_64 2.3.0 69.00 322.00 391.00 OK
r-patched-linux-x86_64 2.3.0 34.68 266.49 301.17 OK
r-patched-solaris-x86 2.3.0 407.90 NOTE
r-release-linux-x86_64 2.3.0 34.66 265.12 299.78 OK
r-release-windows-ix86+x86_64 2.3.0 46.00 309.00 355.00 OK
r-release-osx-x86_64 2.3.0 OK
r-oldrel-windows-ix86+x86_64 2.3.0 28.00 328.00 356.00 OK
r-oldrel-osx-x86_64 2.3.0 OK

Check Details

Version: 2.3.0
Check: installed package size
Result: NOTE
     installed size is 5.2Mb
     sub-directories of 1Mb or more:
     R 1.4Mb
Flavor: r-patched-solaris-x86