CRAN Package Check Results for Package qdap

Last updated on 2018-11-21 08:48:51 CET.

Flavor Version Tinstall Tcheck Ttotal Status Flags
r-devel-linux-x86_64-debian-clang 2.3.0 33.00 268.75 301.75 OK
r-devel-linux-x86_64-debian-gcc 2.3.0 30.19 208.74 238.93 OK
r-devel-linux-x86_64-fedora-clang 2.3.0 360.81 OK
r-devel-linux-x86_64-fedora-gcc 2.3.0 357.69 OK
r-devel-windows-ix86+x86_64 2.3.0 66.00 299.00 365.00 OK
r-patched-linux-x86_64 2.3.0 36.11 259.90 296.01 OK
r-patched-solaris-x86 2.3.0 422.40 NOTE
r-release-linux-x86_64 2.3.0 32.05 261.82 293.87 OK
r-release-windows-ix86+x86_64 2.3.0 53.00 331.00 384.00 OK
r-release-osx-x86_64 2.3.0 OK
r-oldrel-windows-ix86+x86_64 2.3.0 28.00 348.00 376.00 OK
r-oldrel-osx-x86_64 2.3.0 OK

Check Details

Version: 2.3.0
Check: installed package size
Result: NOTE
     installed size is 5.2Mb
     sub-directories of 1Mb or more:
     R 1.4Mb
Flavor: r-patched-solaris-x86