CRAN Package Check Results for Package qfasar

Last updated on 2020-04-02 21:47:55 CEST.

Flavor Version Tinstall Tcheck Ttotal Status Flags
r-devel-linux-x86_64-debian-clang 1.2.1 5.21 50.34 55.55 OK
r-devel-linux-x86_64-debian-gcc 1.2.1 3.90 37.80 41.70 OK
r-devel-linux-x86_64-fedora-clang 1.2.1 65.38 OK
r-devel-linux-x86_64-fedora-gcc 1.2.1 63.91 OK
r-devel-windows-ix86+x86_64 1.2.0 10.00 58.00 68.00 ERROR
r-devel-windows-ix86+x86_64-gcc8 1.2.1 9.00 57.00 66.00 OK
r-patched-linux-x86_64 1.2.1 4.81 47.75 52.56 OK
r-patched-solaris-x86 1.2.1 87.70 OK
r-release-linux-x86_64 1.2.1 4.05 45.60 49.65 OK
r-release-windows-ix86+x86_64 1.2.1 8.00 61.00 69.00 OK
r-release-osx-x86_64 1.2.1 OK
r-oldrel-windows-ix86+x86_64 1.2.1 8.00 59.00 67.00 OK
r-oldrel-osx-x86_64 1.2.1 OK

Check Details

Version: 1.2.0
Check: tests
Result: ERROR
     Running 'testthat.R' [4s]
    Running the tests in 'tests/testthat.R' failed.
    Complete output:
     > library(testthat)
     > library(qfasar)
     >
     > test_check("qfasar")
     -- 1. Failure: Prey partitioning is correct (@test_make_prey_part.R#24) -------
     round(test_obj$pool_pre, 1) not equivalent to matrix(c(1, 0, 0, 0.4, 0, 0.6), nrow = 2).
     Lengths differ: 1 is not 6
    
     -- 2. Failure: Prey partitioning is correct (@test_make_prey_part.R#26) -------
     test_obj$pool_post not equivalent to matrix(c(1, 0, 0, 0, 1, 1), nrow = 3).
     target is logical, current is matrix
    
     -- 3. Error: Replacements of zero and NA are correct (@test_prep_sig.R#19) ----
     incorrect number of dimensions
     Backtrace:
     1. testthat::expect_equivalent(...)
     2. testthat::quasi_label(enquo(object), label, arg = "object")
     3. rlang::eval_bare(expr, quo_get_env(quo))
    
     == testthat results ===========================================================
     [ OK: 36 | SKIPPED: 0 | WARNINGS: 0 | FAILED: 3 ]
     1. Failure: Prey partitioning is correct (@test_make_prey_part.R#24)
     2. Failure: Prey partitioning is correct (@test_make_prey_part.R#26)
     3. Error: Replacements of zero and NA are correct (@test_prep_sig.R#19)
    
     Error: testthat unit tests failed
     Execution halted
Flavor: r-devel-windows-ix86+x86_64