Last updated on 2023-09-26 07:10:08 CEST.
Flavor | Version | Tinstall | Tcheck | Ttotal | Status | Flags |
---|---|---|---|---|---|---|
r-devel-linux-x86_64-debian-clang | 1.0.1 | 283.22 | 245.21 | 528.43 | OK | |
r-devel-linux-x86_64-debian-gcc | 1.0.1 | 223.43 | 180.94 | 404.37 | OK | |
r-devel-linux-x86_64-fedora-clang | 1.0.1 | 644.21 | OK | |||
r-devel-linux-x86_64-fedora-gcc | 1.0.1 | 735.57 | OK | |||
r-devel-windows-x86_64 | 1.0.1 | 176.00 | 209.00 | 385.00 | OK | |
r-patched-linux-x86_64 | 1.0.1 | 251.17 | 239.02 | 490.19 | OK | |
r-release-linux-x86_64 | 1.0.1 | 265.40 | 231.80 | 497.20 | OK | |
r-release-macos-arm64 | 1.0.1 | 180.00 | NOTE | |||
r-release-macos-x86_64 | 1.0.1 | 327.00 | NOTE | |||
r-release-windows-x86_64 | 1.0.1 | 227.00 | 268.00 | 495.00 | OK | |
r-oldrel-macos-arm64 | 1.0.1 | 159.00 | NOTE | |||
r-oldrel-macos-x86_64 | 1.0.1 | 200.00 | NOTE | |||
r-oldrel-windows-x86_64 | 1.0.1 | 201.00 | 256.00 | 457.00 | OK |
Version: 1.0.1
Check: installed package size
Result: NOTE
installed size is 108.5Mb
sub-directories of 1Mb or more:
libs 107.6Mb
Flavors: r-release-macos-arm64, r-release-macos-x86_64, r-oldrel-macos-arm64, r-oldrel-macos-x86_64