CRAN Package Check Results for Package qgcomp

Last updated on 2024-02-22 21:51:49 CET.

Flavor Version Tinstall Tcheck Ttotal Status Flags
r-devel-linux-x86_64-debian-clang 2.15.2 NOTE
r-devel-linux-x86_64-debian-gcc 2.15.2 15.47 227.95 243.42 NOTE
r-devel-linux-x86_64-fedora-clang 2.15.2 384.91 OK
r-devel-linux-x86_64-fedora-gcc 2.15.2 397.29 OK
r-devel-windows-x86_64 2.15.2 17.00 258.00 275.00 OK
r-patched-linux-x86_64 2.15.2 19.98 301.99 321.97 OK
r-release-linux-x86_64 2.15.2 14.48 297.32 311.80 OK
r-release-macos-arm64 2.15.2 130.00 OK
r-release-macos-x86_64 2.15.2 305.00 OK
r-release-windows-x86_64 2.15.2 22.00 325.00 347.00 OK
r-oldrel-macos-arm64 2.15.2 138.00 OK
r-oldrel-windows-x86_64 2.15.2 23.00 324.00 347.00 OK

Check Details

Version: 2.15.2
Check: Rd files
Result: NOTE checkRd: (-1) qgcomp.survcurve.boot.Rd:17-19: Lost braces in \itemize; \value handles \item{}{} directly checkRd: (-1) qgcomp.survcurve.boot.Rd:20-21: Lost braces in \itemize; \value handles \item{}{} directly checkRd: (-1) qgcomp.survcurve.boot.Rd:22-23: Lost braces in \itemize; \value handles \item{}{} directly checkRd: (-1) qgcomp.survcurve.boot.Rd:24-25: Lost braces in \itemize; \value handles \item{}{} directly Flavors: r-devel-linux-x86_64-debian-clang, r-devel-linux-x86_64-debian-gcc