CRAN Package Check Results for Package qgshiny

Last updated on 2020-09-19 11:51:03 CEST.

Flavor Version Tinstall Tcheck Ttotal Status Flags
r-devel-linux-x86_64-debian-clang 0.1.0 3.00 28.33 31.33 OK
r-devel-linux-x86_64-debian-gcc 0.1.0 2.24 22.38 24.62 OK
r-devel-linux-x86_64-fedora-clang 0.1.0 48.54 NOTE
r-devel-linux-x86_64-fedora-gcc 0.1.0 37.60 NOTE
r-devel-windows-ix86+x86_64 0.1.0 8.00 40.00 48.00 OK
r-patched-linux-x86_64 0.1.0 2.97 27.93 30.90 OK
r-patched-solaris-x86 0.1.0 58.60 NOTE
r-release-linux-x86_64 0.1.0 2.90 28.05 30.95 OK
r-release-macos-x86_64 0.1.0 NOTE
r-release-windows-ix86+x86_64 0.1.0 9.00 48.00 57.00 OK
r-oldrel-macos-x86_64 0.1.0 NOTE
r-oldrel-windows-ix86+x86_64 0.1.0 5.00 48.00 53.00 OK

Check Details

Version: 0.1.0
Check: dependencies in R code
Result: NOTE
    Namespaces in Imports field not imported from:
     ‘rmarkdown’ ‘stats’
     All declared Imports should be used.
Flavors: r-devel-linux-x86_64-fedora-clang, r-devel-linux-x86_64-fedora-gcc, r-patched-solaris-x86, r-release-macos-x86_64, r-oldrel-macos-x86_64