CRAN Package Check Results for Package qlcData

Last updated on 2019-03-24 04:47:16 CET.

Flavor Version Tinstall Tcheck Ttotal Status Flags
r-devel-linux-x86_64-debian-clang 0.2.1 4.47 46.18 50.65 WARN
r-devel-linux-x86_64-debian-gcc 0.2.1 3.57 37.40 40.97 OK
r-devel-linux-x86_64-fedora-clang 0.2.1 66.36 NOTE
r-devel-linux-x86_64-fedora-gcc 0.2.1 59.56 NOTE
r-devel-windows-ix86+x86_64 0.2.1 18.00 86.00 104.00 OK
r-patched-linux-x86_64 0.2.1 2.86 43.05 45.91 OK
r-patched-solaris-x86 0.2.1 91.20 NOTE
r-release-linux-x86_64 0.2.1 0.30 2.35 2.65 ERROR
r-release-windows-ix86+x86_64 0.2.1 7.00 61.00 68.00 OK
r-release-osx-x86_64 0.2.1 NOTE
r-oldrel-windows-ix86+x86_64 0.2.1 7.00 89.00 96.00 WARN
r-oldrel-osx-x86_64 0.2.1 NOTE

Check Details

Version: 0.2.1
Check: re-building of vignette outputs
Result: WARN
    Error(s) in re-building vignettes:
     ...
    --- re-building 'orthography_processing.Rmd' using rmarkdown
    Quitting from lines 70-72 (orthography_processing.Rmd)
    Error: processing vignette 'orthography_processing.Rmd' failed with diagnostics:
    invalid multibyte string, element 8
    --- failed re-building 'orthography_processing.Rmd'
    
    --- re-building 'recoding_nominal_data.Rmd' using rmarkdown
    --- finished re-building 'recoding_nominal_data.Rmd'
    
    SUMMARY: processing the following file failed:
     'orthography_processing.Rmd'
    
    Error: Vignette re-building failed.
    Execution halted
Flavor: r-devel-linux-x86_64-debian-clang

Version: 0.2.1
Check: data for non-ASCII characters
Result: NOTE
     Note: found 1459 marked UTF-8 strings
Flavors: r-devel-linux-x86_64-fedora-clang, r-devel-linux-x86_64-fedora-gcc, r-patched-solaris-x86, r-release-osx-x86_64, r-oldrel-osx-x86_64

Version: 0.2.1
Check: whether package can be installed
Result: ERROR
    Installation failed.
Flavor: r-release-linux-x86_64

Version: 0.2.1
Check: re-building of vignette outputs
Result: WARN
    Error in re-building vignettes:
     ...
    Quitting from lines 112-113 (orthography_processing.Rmd)
    Error: processing vignette 'orthography_processing.Rmd' failed with diagnostics:
    undefined columns selected
    Execution halted
Flavor: r-oldrel-windows-ix86+x86_64