CRAN Package Check Results for Package qlcData

Last updated on 2019-01-19 21:46:40 CET.

Flavor Version Tinstall Tcheck Ttotal Status Flags
r-devel-linux-x86_64-debian-clang 0.2.1 3.17 48.53 51.70 OK
r-devel-linux-x86_64-debian-gcc 0.2.1 2.91 38.64 41.55 OK
r-devel-linux-x86_64-fedora-clang 0.2.1 59.75 NOTE
r-devel-linux-x86_64-fedora-gcc 0.2.1 59.85 NOTE
r-devel-windows-ix86+x86_64 0.2.1 11.00 95.00 106.00 OK
r-patched-linux-x86_64 0.2.1 3.45 43.16 46.61 OK
r-patched-solaris-x86 0.2.1 93.70 NOTE
r-release-linux-x86_64 0.2.1 2.65 44.17 46.82 OK
r-release-windows-ix86+x86_64 0.2.1 9.00 104.00 113.00 OK
r-release-osx-x86_64 0.2.1 NOTE
r-oldrel-windows-ix86+x86_64 0.2.1 11.00 86.00 97.00 WARN
r-oldrel-osx-x86_64 0.2.1 NOTE

Check Details

Version: 0.2.1
Check: data for non-ASCII characters
Result: NOTE
     Note: found 1459 marked UTF-8 strings
Flavors: r-devel-linux-x86_64-fedora-clang, r-devel-linux-x86_64-fedora-gcc, r-patched-solaris-x86, r-release-osx-x86_64, r-oldrel-osx-x86_64

Version: 0.2.1
Check: re-building of vignette outputs
Result: WARN
    Error in re-building vignettes:
     ...
    Quitting from lines 112-113 (orthography_processing.Rmd)
    Error: processing vignette 'orthography_processing.Rmd' failed with diagnostics:
    undefined columns selected
    Execution halted
Flavor: r-oldrel-windows-ix86+x86_64