CRAN Package Check Results for Package qlcMatrix

Last updated on 2019-05-20 18:54:18 CEST.

Flavor Version Tinstall Tcheck Ttotal Status Flags
r-devel-linux-x86_64-debian-clang 0.9.7 8.53 94.40 102.93 OK
r-devel-linux-x86_64-debian-gcc 0.9.7 6.99 74.38 81.37 OK
r-devel-linux-x86_64-fedora-clang 0.9.7 122.96 NOTE
r-devel-linux-x86_64-fedora-gcc 0.9.7 118.32 NOTE
r-devel-windows-ix86+x86_64 0.9.7 19.00 137.00 156.00 OK
r-patched-linux-x86_64 0.9.7 7.34 90.89 98.23 OK
r-patched-solaris-x86 0.9.7 191.00 NOTE
r-release-linux-x86_64 0.9.7 7.11 91.22 98.33 OK
r-release-windows-ix86+x86_64 0.9.7 20.00 138.00 158.00 OK
r-release-osx-x86_64 0.9.7 NOTE
r-oldrel-windows-ix86+x86_64 0.9.7 8.00 104.00 112.00 OK
r-oldrel-osx-x86_64 0.9.7 NOTE

Check Details

Version: 0.9.7
Check: data for non-ASCII characters
Result: NOTE
     Note: found 76102 marked UTF-8 strings
Flavors: r-devel-linux-x86_64-fedora-clang, r-devel-linux-x86_64-fedora-gcc, r-patched-solaris-x86, r-release-osx-x86_64, r-oldrel-osx-x86_64