CRAN Package Check Results for Package qlcMatrix

Last updated on 2019-03-26 03:48:37 CET.

Flavor Version Tinstall Tcheck Ttotal Status Flags
r-devel-linux-x86_64-debian-clang 0.9.7 8.11 94.34 102.45 OK
r-devel-linux-x86_64-debian-gcc 0.9.7 7.12 75.34 82.46 OK
r-devel-linux-x86_64-fedora-clang 0.9.7 121.01 NOTE
r-devel-linux-x86_64-fedora-gcc 0.9.7 117.65 NOTE
r-devel-windows-ix86+x86_64 0.9.7 19.00 131.00 150.00 OK
r-patched-linux-x86_64 0.9.7 5.07 88.99 94.06 OK
r-patched-solaris-x86 0.9.7 189.80 NOTE
r-release-linux-x86_64 0.9.7 6.31 89.74 96.05 OK
r-release-windows-ix86+x86_64 0.9.7 13.00 131.00 144.00 OK
r-release-osx-x86_64 0.9.7 NOTE
r-oldrel-windows-ix86+x86_64 0.9.7 8.00 104.00 112.00 ERROR
r-oldrel-osx-x86_64 0.9.7 NOTE

Check Details

Version: 0.9.7
Check: data for non-ASCII characters
Result: NOTE
     Note: found 76102 marked UTF-8 strings
Flavors: r-devel-linux-x86_64-fedora-clang, r-devel-linux-x86_64-fedora-gcc, r-patched-solaris-x86, r-release-osx-x86_64, r-oldrel-osx-x86_64

Version: 0.9.7
Check: examples
Result: ERROR
    Running examples in 'qlcMatrix-Ex.R' failed
    The error most likely occurred in:
    
    > ### Name: Array
    > ### Title: Sparse Arrays ("Tensors")
    > ### Aliases: Array sparseArray as.Matrix
    >
    > ### ** Examples
    >
    > x <- matrix(c(1, 0, 0, 2), nrow = 2)
    > s <- as.simple_triplet_matrix(x)
    > str(s)
    List of 6
     $ i : int [1:2] 1 2
     $ j : int [1:2] 1 2
     $ v : num [1:2] 1 2
     $ nrow : int 2
     $ ncol : int 2
     $ dimnames: NULL
     - attr(*, "class")= chr "simple_triplet_matrix"
    >
    > as.Matrix(s)
    2 x 2 sparse Matrix of class "dgTMatrix"
    Error in isFALSE(suppRows) : could not find function "isFALSE"
    Calls: <Anonymous> -> <Anonymous> -> printSpMatrix2
    Execution halted
Flavor: r-oldrel-windows-ix86+x86_64

Version: 0.9.7
Check: re-building of vignette outputs
Result: WARN
    Error in re-building vignettes:
     ...
    Quitting from lines 31-33 (transformingDataSparse.Rmd)
    Error: processing vignette 'transformingDataSparse.Rmd' failed with diagnostics:
    could not find function "isFALSE"
    Execution halted
Flavor: r-oldrel-windows-ix86+x86_64