CRAN Package Check Results for Package qlcal

Last updated on 2023-04-01 00:53:08 CEST.

Flavor Version Tinstall Tcheck Ttotal Status Flags
r-devel-linux-x86_64-debian-clang 0.0.4 176.40 29.26 205.66 NOTE
r-devel-linux-x86_64-debian-gcc 0.0.4 129.35 23.27 152.62 NOTE
r-devel-linux-x86_64-fedora-clang 0.0.4 370.05 NOTE
r-devel-linux-x86_64-fedora-gcc 0.0.4 258.86 NOTE
r-devel-windows-x86_64 0.0.4 283.00 0.00 283.00 NOTE
r-patched-linux-x86_64 0.0.4 146.21 28.54 174.75 NOTE
r-release-linux-x86_64 0.0.4 139.70 29.26 168.96 OK
r-release-macos-arm64 0.0.4 61.00 NOTE
r-release-macos-x86_64 0.0.4 95.00 NOTE
r-release-windows-x86_64 0.0.4 183.00 97.00 280.00 OK
r-oldrel-macos-arm64 0.0.4 61.00 NOTE
r-oldrel-macos-x86_64 0.0.4 104.00 NOTE
r-oldrel-windows-ix86+x86_64 0.0.4 419.00 87.00 506.00 OK

Check Details

Version: 0.0.4
Check: C++ specification
Result: NOTE
     Specified C++14: please drop specification unless essential
Flavors: r-devel-linux-x86_64-debian-clang, r-devel-linux-x86_64-debian-gcc, r-devel-linux-x86_64-fedora-clang, r-devel-linux-x86_64-fedora-gcc, r-devel-windows-x86_64, r-patched-linux-x86_64

Version: 0.0.4
Check: installed package size
Result: NOTE
     installed size is 8.3Mb
     sub-directories of 1Mb or more:
     libs 8.1Mb
Flavors: r-release-macos-arm64, r-release-macos-x86_64, r-oldrel-macos-arm64, r-oldrel-macos-x86_64