Last updated on 2023-09-25 22:12:47 CEST.
Flavor | Version | Tinstall | Tcheck | Ttotal | Status | Flags |
---|---|---|---|---|---|---|
r-devel-linux-x86_64-debian-clang | 0.0.7 | 160.37 | 29.91 | 190.28 | NOTE | |
r-devel-linux-x86_64-debian-gcc | 0.0.7 | 115.60 | 23.43 | 139.03 | NOTE | |
r-devel-linux-x86_64-fedora-clang | 0.0.7 | 355.88 | NOTE | |||
r-devel-linux-x86_64-fedora-gcc | 0.0.7 | 286.26 | NOTE | |||
r-devel-windows-x86_64 | 0.0.7 | 125.00 | 74.00 | 199.00 | NOTE | |
r-patched-linux-x86_64 | 0.0.7 | 156.50 | 29.69 | 186.19 | NOTE | |
r-release-linux-x86_64 | 0.0.7 | 170.49 | 29.99 | 200.48 | NOTE | |
r-release-macos-arm64 | 0.0.7 | 63.00 | NOTE | |||
r-release-macos-x86_64 | 0.0.7 | 69.00 | NOTE | |||
r-release-windows-x86_64 | 0.0.7 | 135.00 | 79.00 | 214.00 | NOTE | |
r-oldrel-macos-arm64 | 0.0.7 | 65.00 | NOTE | |||
r-oldrel-macos-x86_64 | 0.0.7 | 94.00 | NOTE | |||
r-oldrel-windows-x86_64 | 0.0.7 | 173.00 | 77.00 | 250.00 | OK |
Version: 0.0.7
Check: C++ specification
Result: NOTE
Specified C++14: please drop specification unless essential
Flavors: r-devel-linux-x86_64-debian-clang, r-devel-linux-x86_64-debian-gcc, r-devel-linux-x86_64-fedora-clang, r-devel-linux-x86_64-fedora-gcc, r-devel-windows-x86_64, r-patched-linux-x86_64, r-release-linux-x86_64, r-release-macos-arm64, r-release-macos-x86_64, r-release-windows-x86_64
Version: 0.0.7
Check: installed package size
Result: NOTE
installed size is 7.6Mb
sub-directories of 1Mb or more:
libs 7.4Mb
Flavors: r-release-macos-arm64, r-release-macos-x86_64, r-oldrel-macos-arm64, r-oldrel-macos-x86_64