CRAN Package Check Results for Package qmethod

Last updated on 2024-05-18 16:48:18 CEST.

Flavor Version Tinstall Tcheck Ttotal Status Flags
r-devel-linux-x86_64-debian-clang 1.8.4 5.28 68.97 74.25 NOTE
r-devel-linux-x86_64-debian-gcc 1.8.4 5.13 48.65 53.78 NOTE
r-devel-linux-x86_64-fedora-clang 1.8.4 94.06 NOTE
r-devel-linux-x86_64-fedora-gcc 1.8.4 102.17 NOTE
r-devel-windows-x86_64 1.8.4 6.00 77.00 83.00 NOTE
r-patched-linux-x86_64 1.8.4 8.43 62.07 70.50 NOTE
r-release-linux-x86_64 1.8.4 5.88 63.14 69.02 NOTE
r-release-macos-arm64 1.8.4 30.00 NOTE
r-release-windows-x86_64 1.8.4 6.00 78.00 84.00 NOTE
r-oldrel-macos-arm64 1.8.4 30.00 OK
r-oldrel-macos-x86_64 1.8.4 46.00 OK
r-oldrel-windows-x86_64 1.8.4 8.00 90.00 98.00 OK

Check Details

Version: 1.8.4
Check: Rd files
Result: NOTE checkRd: (-1) qmethod-package.Rd:109: Lost braces 109 | \item Van Exel, J., and G. de Graaf, 2005. \emph{Q Methodology: A Sneak Preview}\cr \url{https://qmethodblog.files.wordpress.com/2016/01/qmethodologyasneakpreviewreferenceupdate.pdf}{Available at this link}. | ^ checkRd: (-1) qmethod-package.Rd:110: Lost braces 110 | \item Brown, S. R., 1980. \emph{Political subjectivity: Applications of Q methodology in political science}, New Haven, CT: Yale University Press.\cr \url{https://qmethodblog.files.wordpress.com/2016/01/brown-1980-politicalsubjectivity.pdf}{Available at this link}. | ^ Flavors: r-devel-linux-x86_64-debian-clang, r-devel-linux-x86_64-debian-gcc, r-devel-linux-x86_64-fedora-clang, r-devel-linux-x86_64-fedora-gcc, r-devel-windows-x86_64, r-patched-linux-x86_64, r-release-linux-x86_64, r-release-macos-arm64, r-release-windows-x86_64