Last updated on 2022-08-18 11:53:37 CEST.
Flavor | Version | Tinstall | Tcheck | Ttotal | Status | Flags |
---|---|---|---|---|---|---|
r-devel-linux-x86_64-debian-clang | 1.4-1 | 17.80 | 162.44 | 180.24 | OK | |
r-devel-linux-x86_64-debian-gcc | 1.4-1 | 16.26 | 120.07 | 136.33 | OK | |
r-devel-linux-x86_64-fedora-clang | 1.4-1 | 226.36 | NOTE | |||
r-devel-linux-x86_64-fedora-gcc | 1.4-1 | 216.11 | OK | |||
r-devel-windows-x86_64 | 1.4-1 | 44.00 | 207.00 | 251.00 | OK | |
r-patched-linux-x86_64 | 1.4-1 | 22.87 | 151.09 | 173.96 | OK | |
r-release-linux-x86_64 | 1.4-1 | 16.78 | 150.50 | 167.28 | OK | |
r-release-macos-arm64 | 1.4-1 | 58.00 | NOTE | |||
r-release-macos-x86_64 | 1.4-1 | 82.00 | OK | |||
r-release-windows-x86_64 | 1.4-1 | 41.00 | 207.00 | 248.00 | OK | |
r-oldrel-macos-arm64 | 1.4-1 | 67.00 | NOTE | |||
r-oldrel-macos-x86_64 | 1.4-1 | 119.00 | OK | |||
r-oldrel-windows-ix86+x86_64 | 1.4-1 | 41.00 | 259.00 | 300.00 | OK |
Version: 1.4-1
Check: installed package size
Result: NOTE
installed size is 5.0Mb
sub-directories of 1Mb or more:
data 3.7Mb
Flavors: r-devel-linux-x86_64-fedora-clang, r-release-macos-arm64, r-oldrel-macos-arm64