CRAN Package Check Results for Package qpcR

Last updated on 2022-12-04 11:07:40 CET.

Flavor Version Tinstall Tcheck Ttotal Status Flags
r-devel-linux-x86_64-debian-clang 1.4-1 19.97 165.46 185.43 OK
r-devel-linux-x86_64-debian-gcc 1.4-1 14.47 122.22 136.69 OK
r-devel-linux-x86_64-fedora-clang 1.4-1 233.54 NOTE
r-devel-linux-x86_64-fedora-gcc 1.4-1 227.88 OK
r-devel-windows-x86_64 1.4-1 59.00 206.00 265.00 OK
r-patched-linux-x86_64 1.4-1 26.35 152.55 178.90 OK
r-release-linux-x86_64 1.4-1 18.62 154.07 172.69 OK
r-release-macos-arm64 1.4-1 58.00 NOTE
r-release-macos-x86_64 1.4-1 82.00 OK
r-release-windows-x86_64 1.4-1 50.00 219.00 269.00 OK
r-oldrel-macos-arm64 1.4-1 67.00 NOTE
r-oldrel-macos-x86_64 1.4-1 119.00 OK
r-oldrel-windows-ix86+x86_64 1.4-1 44.00 260.00 304.00 OK

Check Details

Version: 1.4-1
Check: installed package size
Result: NOTE
     installed size is 5.0Mb
     sub-directories of 1Mb or more:
     data 3.7Mb
Flavors: r-devel-linux-x86_64-fedora-clang, r-release-macos-arm64, r-oldrel-macos-arm64