Last updated on 2023-02-04 21:55:41 CET.
Flavor | Version | Tinstall | Tcheck | Ttotal | Status | Flags |
---|---|---|---|---|---|---|
r-devel-linux-x86_64-debian-clang | 1.3.0 | 136.36 | 28.88 | 165.24 | NOTE | |
r-devel-linux-x86_64-debian-gcc | 1.3.0 | 126.52 | 23.11 | 149.63 | NOTE | |
r-devel-linux-x86_64-fedora-clang | 1.3.0 | 323.70 | NOTE | |||
r-devel-linux-x86_64-fedora-gcc | 1.3.0 | 255.23 | NOTE | |||
r-devel-windows-x86_64 | 1.3.0 | 172.00 | 94.00 | 266.00 | NOTE | |
r-patched-linux-x86_64 | 1.3.0 | 128.05 | 29.72 | 157.77 | OK | |
r-release-linux-x86_64 | 1.3.0 | 123.83 | 28.86 | 152.69 | OK | |
r-release-macos-arm64 | 1.3.0 | 69.00 | NOTE | |||
r-release-macos-x86_64 | 1.3.0 | 93.00 | NOTE | |||
r-release-windows-x86_64 | 1.3.0 | 156.00 | 96.00 | 252.00 | OK | |
r-oldrel-macos-arm64 | 1.3.0 | 64.00 | NOTE | |||
r-oldrel-macos-x86_64 | 1.3.0 | 100.00 | NOTE | |||
r-oldrel-windows-ix86+x86_64 | 1.3.0 | 358.00 | 97.00 | 455.00 | NOTE |
Version: 1.3.0
Check: C++ specification
Result: NOTE
Specified C++11: please update to current default of C++17
Flavors: r-devel-linux-x86_64-debian-clang, r-devel-linux-x86_64-debian-gcc, r-devel-linux-x86_64-fedora-clang, r-devel-linux-x86_64-fedora-gcc, r-devel-windows-x86_64
Version: 1.3.0
Check: installed package size
Result: NOTE
installed size is 16.1Mb
sub-directories of 1Mb or more:
libs 16.0Mb
Flavors: r-release-macos-arm64, r-release-macos-x86_64, r-oldrel-macos-arm64, r-oldrel-macos-x86_64, r-oldrel-windows-ix86+x86_64