CRAN Package Check Results for Package qqconf

Last updated on 2021-10-28 15:50:48 CEST.

Flavor Version Tinstall Tcheck Ttotal Status Flags
r-devel-linux-x86_64-debian-clang 1.0.0 4.32 28.26 32.58 OK
r-devel-linux-x86_64-debian-gcc 1.0.0 2.95 22.43 25.38 OK
r-devel-linux-x86_64-fedora-clang 1.0.0 49.57 NOTE
r-devel-linux-x86_64-fedora-gcc 1.0.0 39.69 NOTE
r-devel-windows-x86_64 1.0.0 8.00 39.00 47.00 OK
r-devel-windows-x86_64-gcc10-UCRT 1.0.0 NOTE
r-patched-linux-x86_64 1.0.0 4.43 27.39 31.82 OK
r-patched-solaris-x86 1.0.0 59.00 NOTE
r-release-linux-x86_64 1.0.0 4.07 27.24 31.31 OK
r-release-macos-arm64 1.0.0 NOTE
r-release-macos-x86_64 1.0.0 NOTE
r-release-windows-ix86+x86_64 1.0.0 9.00 53.00 62.00 OK
r-oldrel-macos-x86_64 1.0.0 NOTE
r-oldrel-windows-ix86+x86_64 1.0.0 11.00 48.00 59.00 OK

Check Details

Version: 1.0.0
Check: dependencies in R code
Result: NOTE
    Namespace in Imports field not imported from: ‘ggplot2’
     All declared Imports should be used.
Flavors: r-devel-linux-x86_64-fedora-clang, r-devel-linux-x86_64-fedora-gcc, r-devel-windows-x86_64-gcc10-UCRT, r-patched-solaris-x86, r-release-macos-arm64, r-release-macos-x86_64, r-oldrel-macos-x86_64