CRAN Package Check Results for Package qrencoder

Last updated on 2019-05-24 15:47:59 CEST.

Flavor Version Tinstall Tcheck Ttotal Status Flags
r-devel-linux-x86_64-debian-clang 0.1.0 22.84 62.36 85.20 OK
r-devel-linux-x86_64-debian-gcc 0.1.0 16.39 50.34 66.73 OK
r-devel-linux-x86_64-fedora-clang 0.1.0 115.90 NOTE
r-devel-linux-x86_64-fedora-gcc 0.1.0 101.43 NOTE
r-devel-windows-ix86+x86_64 0.1.0 45.00 147.00 192.00 OK
r-patched-linux-x86_64 0.1.0 20.72 62.89 83.61 OK
r-patched-solaris-x86 0.1.0 141.00 OK
r-release-linux-x86_64 0.1.0 20.23 62.24 82.47 OK
r-release-windows-ix86+x86_64 0.1.0 66.00 108.00 174.00 OK
r-release-osx-x86_64 0.1.0 OK
r-oldrel-windows-ix86+x86_64 0.1.0 56.00 105.00 161.00 OK
r-oldrel-osx-x86_64 0.1.0 OK

Check Details

Version: 0.1.0
Check: compiled code
Result: NOTE
    File ‘qrencoder/libs/qrencoder.so’:
     Found no calls to: ‘R_registerRoutines’, ‘R_useDynamicSymbols’
    
    It is good practice to register native routines and to disable symbol
    search.
    
    See ‘Writing portable packages’ in the ‘Writing R Extensions’ manual.
Flavors: r-devel-linux-x86_64-fedora-clang, r-devel-linux-x86_64-fedora-gcc