CRAN Package Check Results for Package qrencoder

Last updated on 2019-08-21 22:48:47 CEST.

Flavor Version Tinstall Tcheck Ttotal Status Flags
r-devel-linux-x86_64-debian-clang 0.1.0 22.71 62.71 85.42 OK
r-devel-linux-x86_64-debian-gcc 0.1.0 OK
r-devel-linux-x86_64-fedora-clang 0.1.0 109.71 NOTE
r-devel-linux-x86_64-fedora-gcc 0.1.0 105.33 NOTE
r-devel-windows-ix86+x86_64 0.1.0 75.00 106.00 181.00 OK
r-patched-linux-x86_64 0.1.0 19.66 62.72 82.38 OK
r-patched-solaris-x86 0.1.0 144.60 OK
r-release-linux-x86_64 0.1.0 19.37 62.04 81.41 OK
r-release-windows-ix86+x86_64 0.1.0 43.00 99.00 142.00 OK
r-release-osx-x86_64 0.1.0 OK
r-oldrel-windows-ix86+x86_64 0.1.0 54.00 136.00 190.00 OK
r-oldrel-osx-x86_64 0.1.0 OK

Check Details

Version: 0.1.0
Check: compiled code
Result: NOTE
    File ‘qrencoder/libs/qrencoder.so’:
     Found no calls to: ‘R_registerRoutines’, ‘R_useDynamicSymbols’
    
    It is good practice to register native routines and to disable symbol
    search.
    
    See ‘Writing portable packages’ in the ‘Writing R Extensions’ manual.
Flavors: r-devel-linux-x86_64-fedora-clang, r-devel-linux-x86_64-fedora-gcc