CRAN Package Check Results for Package qs

Last updated on 2019-07-18 00:48:39 CEST.

Flavor Version Tinstall Tcheck Ttotal Status Flags
r-devel-linux-x86_64-debian-clang 0.17.3 89.41 30.67 120.08 OK
r-devel-linux-x86_64-debian-gcc 0.17.3 59.40 25.39 84.79 OK
r-devel-linux-x86_64-fedora-clang 0.17.3 94.71 OK
r-devel-linux-x86_64-fedora-gcc 0.17.3 91.61 OK
r-devel-windows-ix86+x86_64 0.17.3 182.00 91.00 273.00 OK
r-patched-linux-x86_64 0.17.3 66.73 30.69 97.42 OK
r-patched-solaris-x86 0.17.3 127.50 OK
r-release-linux-x86_64 0.17.3 67.78 30.74 98.52 OK
r-release-windows-ix86+x86_64 0.17.3 130.00 65.00 195.00 OK
r-release-osx-x86_64 0.17.3 WARN
r-oldrel-windows-ix86+x86_64 0.17.3 148.00 59.00 207.00 OK
r-oldrel-osx-x86_64 0.17.3 WARN

Additional issues

rchk

Check Details

Version: 0.17.3
Check: for executable files
Result: WARN
    Found the following executable file:
     src/LZ4/LICENSE
    Source packages should not contain undeclared executable files.
    See section ‘Package structure’ in the ‘Writing R Extensions’ manual.
Flavors: r-release-osx-x86_64, r-oldrel-osx-x86_64

Version: 0.17.3
Check: installed package size
Result: NOTE
     installed size is 7.3Mb
     sub-directories of 1Mb or more:
     libs 6.7Mb
Flavors: r-release-osx-x86_64, r-oldrel-osx-x86_64