CRAN Package Check Results for Package qs

Last updated on 2019-10-18 18:48:02 CEST.

Flavor Version Tinstall Tcheck Ttotal Status Flags
r-devel-linux-x86_64-debian-clang 0.19.1 50.50 31.75 82.25 OK
r-devel-linux-x86_64-debian-gcc 0.19.1 36.14 25.05 61.19 OK
r-devel-linux-x86_64-fedora-clang 0.19.1 121.47 NOTE
r-devel-linux-x86_64-fedora-gcc 0.19.1 108.49 OK
r-devel-windows-ix86+x86_64 0.19.1 214.00 69.00 283.00 OK
r-patched-linux-x86_64 0.19.1 38.52 31.21 69.73 OK
r-patched-solaris-x86 0.19.1 133.90 OK
r-release-linux-x86_64 0.19.1 36.58 30.96 67.54 OK
r-release-windows-ix86+x86_64 0.19.1 163.00 98.00 261.00 OK
r-release-osx-x86_64 0.19.1 WARN
r-oldrel-windows-ix86+x86_64 0.19.1 163.00 70.00 233.00 OK
r-oldrel-osx-x86_64 0.19.1 WARN

Check Details

Version: 0.19.1
Check: installed package size
Result: NOTE
     installed size is 5.8Mb
     sub-directories of 1Mb or more:
     libs 5.1Mb
Flavors: r-devel-linux-x86_64-fedora-clang, r-release-osx-x86_64, r-oldrel-osx-x86_64

Version: 0.19.1
Check: for executable files
Result: WARN
    Found the following executable file:
     src/LZ4/LICENSE.txt
    Source packages should not contain undeclared executable files.
    See section ‘Package structure’ in the ‘Writing R Extensions’ manual.
Flavors: r-release-osx-x86_64, r-oldrel-osx-x86_64