CRAN Package Check Results for Package qsort

Last updated on 2021-10-26 10:49:59 CEST.

Flavor Version Tinstall Tcheck Ttotal Status Flags
r-devel-linux-x86_64-debian-clang 0.2.3 4.36 50.60 54.96 OK
r-devel-linux-x86_64-debian-gcc 0.2.3 3.42 37.69 41.11 OK
r-devel-linux-x86_64-fedora-clang 0.2.3 75.72 NOTE
r-devel-linux-x86_64-fedora-gcc 0.2.3 64.49 NOTE
r-devel-windows-x86_64 0.2.3 9.00 53.00 62.00 OK
r-devel-windows-x86_64-gcc10-UCRT 0.2.3 NOTE
r-patched-linux-x86_64 0.2.3 4.69 46.73 51.42 OK
r-patched-solaris-x86 0.2.3 95.70 NOTE
r-release-linux-x86_64 0.2.3 3.43 46.76 50.19 OK
r-release-macos-arm64 0.2.3 NOTE
r-release-macos-x86_64 0.2.3 NOTE
r-release-windows-ix86+x86_64 0.2.3 9.00 72.00 81.00 OK
r-oldrel-macos-x86_64 0.2.3 NOTE
r-oldrel-windows-ix86+x86_64 0.2.3 15.00 68.00 83.00 OK

Check Details

Version: 0.2.3
Check: data for non-ASCII characters
Result: NOTE
     Note: found 6 marked UTF-8 strings
Flavors: r-devel-linux-x86_64-fedora-clang, r-devel-linux-x86_64-fedora-gcc, r-devel-windows-x86_64-gcc10-UCRT, r-patched-solaris-x86, r-release-macos-arm64, r-release-macos-x86_64, r-oldrel-macos-x86_64