Last updated on 2021-04-20 02:49:09 CEST.
Flavor | Version | Tinstall | Tcheck | Ttotal | Status | Flags |
---|---|---|---|---|---|---|
r-devel-linux-x86_64-debian-clang | 1.48-1 | 82.03 | 388.82 | 470.85 | OK | |
r-devel-linux-x86_64-debian-gcc | 1.48-1 | 59.96 | 283.44 | 343.40 | OK | |
r-devel-linux-x86_64-fedora-clang | 1.48-1 | 572.12 | NOTE | |||
r-devel-linux-x86_64-fedora-gcc | 1.48-1 | 557.94 | OK | |||
r-devel-windows-ix86+x86_64 | 1.48-1 | 182.00 | 449.00 | 631.00 | NOTE | |
r-devel-windows-x86_64-gcc10-UCRT | 1.48-1 | OK | ||||
r-patched-linux-x86_64 | 1.48-1 | 72.74 | 354.94 | 427.68 | WARN | |
r-patched-solaris-x86 | 1.48-1 | 685.60 | NOTE | |||
r-release-linux-x86_64 | 1.48-1 | 65.70 | 353.37 | 419.07 | OK | |
r-release-macos-x86_64 | 1.48-1 | NOTE | ||||
r-release-windows-ix86+x86_64 | 1.48-1 | 178.00 | 616.00 | 794.00 | NOTE | |
r-oldrel-macos-x86_64 | 1.48-1 | NOTE | ||||
r-oldrel-windows-ix86+x86_64 | 1.48-1 | 127.00 | 556.00 | 683.00 | NOTE |
Version: 1.48-1
Check: installed package size
Result: NOTE
installed size is 11.6Mb
sub-directories of 1Mb or more:
R 1.7Mb
contrib 3.8Mb
doc 3.0Mb
libs 1.6Mb
Flavors: r-devel-linux-x86_64-fedora-clang, r-devel-windows-ix86+x86_64, r-patched-solaris-x86, r-release-macos-x86_64, r-release-windows-ix86+x86_64, r-oldrel-macos-x86_64, r-oldrel-windows-ix86+x86_64
Version: 1.48-1
Check: whether package can be installed
Result: WARN
Found the following significant warnings:
Rd warning: /tmp/Rtmp10hdeF/R.INSTALL64f73a9c1cbb/qtl/man/addmarker.Rd:28: file link ‘read.csv’ in package ‘utils’ does not exist and so has been treated as a topic
Flavor: r-patched-linux-x86_64
Version: 1.48-1
Check: R code for possible problems
Result: NOTE
drawcirculargenome: no visible global function definition for ‘plot’
effectplot: no visible global function definition for ‘plot’
mqmplot.circle: no visible global function definition for ‘plot’
mqmplot.cistrans: no visible global function definition for ‘plot’
mqmplot.cofactors: no visible global function definition for ‘plot’
mqmplot.directedqtl: no visible global function definition for ‘plot’
mqmplot.multitrait: no visible global function definition for ‘plot’
mqmplot.singletrait: no visible global function definition for ‘plot’
plot.map: no visible global function definition for ‘plot’
plot.rfmatrix: no visible global function definition for ‘plot’
plot.scanone: no visible global function definition for ‘plot’
plotGeno: no visible global function definition for ‘plot’
plotMap: no visible global function definition for ‘plot’
plotModel: no visible global function definition for ‘plot’
plotPXG: no visible global function definition for ‘plot’
Undefined global functions or variables:
plot
Consider adding
importFrom("graphics", "plot")
to your NAMESPACE file.
Flavors: r-oldrel-macos-x86_64, r-oldrel-windows-ix86+x86_64